{"id":84,"date":"2015-04-06T11:49:50","date_gmt":"2015-04-06T14:49:50","guid":{"rendered":"http:\/\/nexoit.com.uy\/web\/?post_type=product&#038;p=84"},"modified":"2015-04-10T14:08:15","modified_gmt":"2015-04-10T17:08:15","slug":"papyrus-firmas","status":"publish","type":"product","link":"https:\/\/www.nexoit.com.uy\/web\/tienda\/papyrus\/papyrus-firmas\/","title":{"rendered":"Papyrus Firmas"},"content":{"rendered":"<blockquote>\n<p>Soluci\u00f3n de negocios que permite verificar los datos de una persona, su existencia dentro de los registros de la empresa, exportar las im\u00e1genes del formulario firmado, y la propia firma (individualmente) a un directorio (previamente definido), y ser utilizado para cubrir diferentes necesidades del negocio.<\/p>\n<\/blockquote>\n<ul>\n<li>Escaneo de cartones de firmas de sus clientes.<\/li>\n<li>Reconocimiento \u00f3ptico de caracteres (OCR\/ICR) de informaci\u00f3n, validaciones de datos y recorte de firma del cliente.<\/li>\n<li>Verificaci\u00f3n de existencia de cliente directamente contra su sistema central u otro repositorio de informaci\u00f3n.<\/li>\n<li>Exportaci\u00f3n de firmas hacia repositorio configurado y previamente definido, el formato de salida podr\u00e1 ser configurado por usted (JPG, BMP, TIFF, GIF, etc.) de acuerdo a sus requerimientos.<\/li>\n<\/ul>\n<h3>Adem\u00e1s el sistema cumple con las siguientes generalidades:<\/h3>\n<h4>Seguridad:<\/h4>\n<p>Posee seguridad independiente, con cifrado de password y altos niveles de control (como la habilitaci\u00f3n de funcionalidades a diferentes usuarios o grupos).<\/p>\n<h4>Personalizable:<\/h4>\n<p>Puede personalizarse el destino de las im\u00e1genes as\u00ed como tambi\u00e9n la de los formularios y firmas a exportar; tambi\u00e9n brinda la posibilidad de activar un &quot;Log&quot; para registrar el proceso en cada fase.<\/p>\n<h4>Integraci\u00f3n personalizada:<\/h4>\n<p>Puede configurarse la conexi\u00f3n o consulta (QUERY), donde se verificaran los datos obtenidos de la persona que figura en el formulario a procesar. Esto brinda un gran abanico de opciones contra otras fuentes o bases de datos.<\/p>\n<p><img decoding=\"async\" loading=\"lazy\" src=\"http:\/\/www.papyrusgestor.com\/web\/wp-content\/uploads\/2014\/04\/firmas-fiju.jpg\" alt=\"firmas-fiju\" width=\"666\" height=\"403\" class=\"aligncenter size-full wp-image-154\" \/><\/p>\n<blockquote><p>\n<a href=\"http:\/\/www.papyrusgestor.com\/docs\/Papyrus_Firmas.pdf\" target=\"_blank\"> <img decoding=\"async\" loading=\"lazy\" src=\"http:\/\/www.papyrusgestor.com\/web\/wp-content\/uploads\/2014\/04\/icon_pdf_small.png\" alt=\"icon_pdf_small\" width=\"34\" height=\"40\" class=\"alignleft size-full wp-image-172\" \/> Descargar PDF<\/a>\n<\/p><\/blockquote>\n","protected":false},"excerpt":{"rendered":"<p>Escaneo de cartones de firmas de sus clientes y reconocimiento \u00f3ptico de caracteres (OCR\/ICR) de informaci\u00f3n, validaciones de datos y recorte de firma del cliente.<\/p>\n","protected":false},"featured_media":85,"comment_status":"closed","ping_status":"closed","template":"","meta":[],"product_cat":[20],"product_tag":[19],"yoast_head":"<!-- This site is optimized with the Yoast SEO plugin v20.10 - https:\/\/yoast.com\/wordpress\/plugins\/seo\/ -->\n<title>Papyrus Firmas - NEXO IT<\/title>\n<meta name=\"robots\" content=\"index, follow, max-snippet:-1, max-image-preview:large, max-video-preview:-1\" \/>\n<link rel=\"canonical\" href=\"https:\/\/www.nexoit.com.uy\/web\/tienda\/papyrus\/papyrus-firmas\/\" \/>\n<meta property=\"og:locale\" content=\"es_ES\" \/>\n<meta property=\"og:type\" content=\"article\" \/>\n<meta property=\"og:title\" content=\"Papyrus Firmas - NEXO IT\" \/>\n<meta property=\"og:description\" content=\"Escaneo de cartones de firmas de sus clientes y reconocimiento \u00f3ptico de caracteres (OCR\/ICR) de informaci\u00f3n, validaciones de datos y recorte de firma del cliente.\" \/>\n<meta property=\"og:url\" content=\"https:\/\/www.nexoit.com.uy\/web\/tienda\/papyrus\/papyrus-firmas\/\" \/>\n<meta property=\"og:site_name\" content=\"NEXO IT\" \/>\n<meta property=\"article:modified_time\" content=\"2015-04-10T17:08:15+00:00\" \/>\n<meta property=\"og:image\" content=\"https:\/\/www.nexoit.com.uy\/web\/wp-content\/uploads\/2015\/04\/firmas.png\" \/>\n\t<meta property=\"og:image:width\" content=\"239\" \/>\n\t<meta property=\"og:image:height\" content=\"330\" \/>\n\t<meta property=\"og:image:type\" content=\"image\/png\" \/>\n<meta name=\"twitter:label1\" content=\"Tiempo de lectura\" \/>\n\t<meta name=\"twitter:data1\" content=\"1 minuto\" \/>\n<script type=\"application\/ld+json\" class=\"yoast-schema-graph\">{\"@context\":\"https:\/\/schema.org\",\"@graph\":[{\"@type\":\"WebPage\",\"@id\":\"https:\/\/www.nexoit.com.uy\/web\/tienda\/papyrus\/papyrus-firmas\/\",\"url\":\"https:\/\/www.nexoit.com.uy\/web\/tienda\/papyrus\/papyrus-firmas\/\",\"name\":\"Papyrus Firmas - NEXO IT\",\"isPartOf\":{\"@id\":\"https:\/\/www.nexoit.com.uy\/web\/#website\"},\"datePublished\":\"2015-04-06T14:49:50+00:00\",\"dateModified\":\"2015-04-10T17:08:15+00:00\",\"breadcrumb\":{\"@id\":\"https:\/\/www.nexoit.com.uy\/web\/tienda\/papyrus\/papyrus-firmas\/#breadcrumb\"},\"inLanguage\":\"es\",\"potentialAction\":[{\"@type\":\"ReadAction\",\"target\":[\"https:\/\/www.nexoit.com.uy\/web\/tienda\/papyrus\/papyrus-firmas\/\"]}]},{\"@type\":\"BreadcrumbList\",\"@id\":\"https:\/\/www.nexoit.com.uy\/web\/tienda\/papyrus\/papyrus-firmas\/#breadcrumb\",\"itemListElement\":[{\"@type\":\"ListItem\",\"position\":1,\"name\":\"Portada\",\"item\":\"https:\/\/www.nexoit.com.uy\/web\/\"},{\"@type\":\"ListItem\",\"position\":2,\"name\":\"Papyrus Firmas\"}]},{\"@type\":\"WebSite\",\"@id\":\"https:\/\/www.nexoit.com.uy\/web\/#website\",\"url\":\"https:\/\/www.nexoit.com.uy\/web\/\",\"name\":\"NEXO IT\",\"description\":\"Expertos en gesti\u00f3n documental\",\"potentialAction\":[{\"@type\":\"SearchAction\",\"target\":{\"@type\":\"EntryPoint\",\"urlTemplate\":\"https:\/\/www.nexoit.com.uy\/web\/?s={search_term_string}\"},\"query-input\":\"required name=search_term_string\"}],\"inLanguage\":\"es\"}]}<\/script>\n<!-- \/ Yoast SEO plugin. -->","yoast_head_json":{"title":"Papyrus Firmas - NEXO IT","robots":{"index":"index","follow":"follow","max-snippet":"max-snippet:-1","max-image-preview":"max-image-preview:large","max-video-preview":"max-video-preview:-1"},"canonical":"https:\/\/www.nexoit.com.uy\/web\/tienda\/papyrus\/papyrus-firmas\/","og_locale":"es_ES","og_type":"article","og_title":"Papyrus Firmas - NEXO IT","og_description":"Escaneo de cartones de firmas de sus clientes y reconocimiento \u00f3ptico de caracteres (OCR\/ICR) de informaci\u00f3n, validaciones de datos y recorte de firma del cliente.","og_url":"https:\/\/www.nexoit.com.uy\/web\/tienda\/papyrus\/papyrus-firmas\/","og_site_name":"NEXO IT","article_modified_time":"2015-04-10T17:08:15+00:00","og_image":[{"width":239,"height":330,"url":"https:\/\/www.nexoit.com.uy\/web\/wp-content\/uploads\/2015\/04\/firmas.png","type":"image\/png"}],"twitter_misc":{"Tiempo de lectura":"1 minuto"},"schema":{"@context":"https:\/\/schema.org","@graph":[{"@type":"WebPage","@id":"https:\/\/www.nexoit.com.uy\/web\/tienda\/papyrus\/papyrus-firmas\/","url":"https:\/\/www.nexoit.com.uy\/web\/tienda\/papyrus\/papyrus-firmas\/","name":"Papyrus Firmas - NEXO IT","isPartOf":{"@id":"https:\/\/www.nexoit.com.uy\/web\/#website"},"datePublished":"2015-04-06T14:49:50+00:00","dateModified":"2015-04-10T17:08:15+00:00","breadcrumb":{"@id":"https:\/\/www.nexoit.com.uy\/web\/tienda\/papyrus\/papyrus-firmas\/#breadcrumb"},"inLanguage":"es","potentialAction":[{"@type":"ReadAction","target":["https:\/\/www.nexoit.com.uy\/web\/tienda\/papyrus\/papyrus-firmas\/"]}]},{"@type":"BreadcrumbList","@id":"https:\/\/www.nexoit.com.uy\/web\/tienda\/papyrus\/papyrus-firmas\/#breadcrumb","itemListElement":[{"@type":"ListItem","position":1,"name":"Portada","item":"https:\/\/www.nexoit.com.uy\/web\/"},{"@type":"ListItem","position":2,"name":"Papyrus Firmas"}]},{"@type":"WebSite","@id":"https:\/\/www.nexoit.com.uy\/web\/#website","url":"https:\/\/www.nexoit.com.uy\/web\/","name":"NEXO IT","description":"Expertos en gesti\u00f3n documental","potentialAction":[{"@type":"SearchAction","target":{"@type":"EntryPoint","urlTemplate":"https:\/\/www.nexoit.com.uy\/web\/?s={search_term_string}"},"query-input":"required name=search_term_string"}],"inLanguage":"es"}]}},"_links":{"self":[{"href":"https:\/\/www.nexoit.com.uy\/web\/wp-json\/wp\/v2\/product\/84"}],"collection":[{"href":"https:\/\/www.nexoit.com.uy\/web\/wp-json\/wp\/v2\/product"}],"about":[{"href":"https:\/\/www.nexoit.com.uy\/web\/wp-json\/wp\/v2\/types\/product"}],"replies":[{"embeddable":true,"href":"https:\/\/www.nexoit.com.uy\/web\/wp-json\/wp\/v2\/comments?post=84"}],"wp:featuredmedia":[{"embeddable":true,"href":"https:\/\/www.nexoit.com.uy\/web\/wp-json\/wp\/v2\/media\/85"}],"wp:attachment":[{"href":"https:\/\/www.nexoit.com.uy\/web\/wp-json\/wp\/v2\/media?parent=84"}],"wp:term":[{"taxonomy":"product_cat","embeddable":true,"href":"https:\/\/www.nexoit.com.uy\/web\/wp-json\/wp\/v2\/product_cat?post=84"},{"taxonomy":"product_tag","embeddable":true,"href":"https:\/\/www.nexoit.com.uy\/web\/wp-json\/wp\/v2\/product_tag?post=84"}],"curies":[{"name":"wp","href":"https:\/\/api.w.org\/{rel}","templated":true}]}}