{"id":827,"date":"2017-12-29T14:04:07","date_gmt":"2017-12-29T17:04:07","guid":{"rendered":"http:\/\/nexoit.com.uy\/web\/?post_type=product&#038;p=827"},"modified":"2017-12-29T14:04:07","modified_gmt":"2017-12-29T17:04:07","slug":"scanner-digitalcheck-ts500","status":"publish","type":"product","link":"https:\/\/www.nexoit.com.uy\/web\/tienda\/escaneres-digitalcheck\/escaneres-digitalchek-departamentales\/scanner-digitalcheck-ts500\/","title":{"rendered":"Esc\u00e1ner DigitalCheck TS500"},"content":{"rendered":"<p>El esc\u00e1ner de captura de cajero TellerScan TS500 representa un gran avance en la captura de documentos en la sucursal.<\/p>\n<p><em>Caracter\u00edsticas<\/em><\/p>\n<p>200 documentos por minuto de velocidad nominal<br \/>\nFunci\u00f3n de limpieza avanzada para un f\u00e1cil mantenimiento<br \/>\nAlimentador autom\u00e1tico de alineaci\u00f3n AccuTrac \u00ae<br \/>\nEndosador de inyecci\u00f3n de tinta incorporado<br \/>\nEsc\u00e1ner de identificaci\u00f3n incorporado<br \/>\nC\u00e1mara en color de 600 dpi<br \/>\nLector de tarjetas de banda magn\u00e9tica opcional<br \/>\nCorrea de transmisi\u00f3n silenciosa<br \/>\nSe\u00f1al de estado LED inteligente<br \/>\nSmart Button \u2122: un bot\u00f3n para controlar m\u00faltiples funciones del esc\u00e1ner<br \/>\nOpcional Teller Transaction Printer \u2122 (TTP) disponible<br \/>\nCompatible con Windows 10 \/ 8.x \/ 7 \/ Vista \/ XP<br \/>\nCompatible con Mac OS X y algunas distribuciones de Linux<\/p>\n","protected":false},"excerpt":{"rendered":"<p>El esc\u00e1ner de captura de cajero TellerScan TS500 representa un gran avance en la captura de documentos en la sucursal. Caracter\u00edsticas 200 documentos por minuto de velocidad nominal Funci\u00f3n de limpieza avanzada para un f\u00e1cil mantenimiento Alimentador autom\u00e1tico de alineaci\u00f3n AccuTrac \u00ae Endosador de inyecci\u00f3n de tinta incorporado Esc\u00e1ner de identificaci\u00f3n incorporado C\u00e1mara en color [&hellip;]<\/p>\n","protected":false},"featured_media":828,"comment_status":"closed","ping_status":"closed","template":"","meta":[],"product_cat":[41,43],"product_tag":[],"yoast_head":"<!-- This site is optimized with the Yoast SEO plugin v20.10 - https:\/\/yoast.com\/wordpress\/plugins\/seo\/ -->\n<title>Esc\u00e1ner DigitalCheck TS500 - NEXO IT<\/title>\n<meta name=\"description\" content=\"El scanner de captura de cajero TellerScan TS500 representa un gran avance en la captura de documentos en la sucursal.\" \/>\n<meta name=\"robots\" content=\"index, follow, max-snippet:-1, max-image-preview:large, max-video-preview:-1\" \/>\n<link rel=\"canonical\" href=\"https:\/\/www.nexoit.com.uy\/web\/tienda\/escaneres-digitalcheck\/escaneres-digitalchek-departamentales\/scanner-digitalcheck-ts500\/\" \/>\n<meta property=\"og:locale\" content=\"es_ES\" \/>\n<meta property=\"og:type\" content=\"article\" \/>\n<meta property=\"og:title\" content=\"Esc\u00e1ner DigitalCheck TS500 - NEXO IT\" \/>\n<meta property=\"og:description\" content=\"El scanner de captura de cajero TellerScan TS500 representa un gran avance en la captura de documentos en la sucursal.\" \/>\n<meta property=\"og:url\" content=\"https:\/\/www.nexoit.com.uy\/web\/tienda\/escaneres-digitalcheck\/escaneres-digitalchek-departamentales\/scanner-digitalcheck-ts500\/\" \/>\n<meta property=\"og:site_name\" content=\"NEXO IT\" \/>\n<meta property=\"og:image\" content=\"https:\/\/www.nexoit.com.uy\/web\/wp-content\/uploads\/2017\/12\/scanner-TS500.jpg\" \/>\n\t<meta property=\"og:image:width\" content=\"333\" \/>\n\t<meta property=\"og:image:height\" content=\"320\" \/>\n\t<meta property=\"og:image:type\" content=\"image\/jpeg\" \/>\n<meta name=\"twitter:label1\" content=\"Tiempo de lectura\" \/>\n\t<meta name=\"twitter:data1\" content=\"1 minuto\" \/>\n<script type=\"application\/ld+json\" class=\"yoast-schema-graph\">{\"@context\":\"https:\/\/schema.org\",\"@graph\":[{\"@type\":\"WebPage\",\"@id\":\"https:\/\/www.nexoit.com.uy\/web\/tienda\/escaneres-digitalcheck\/escaneres-digitalchek-departamentales\/scanner-digitalcheck-ts500\/\",\"url\":\"https:\/\/www.nexoit.com.uy\/web\/tienda\/escaneres-digitalcheck\/escaneres-digitalchek-departamentales\/scanner-digitalcheck-ts500\/\",\"name\":\"Esc\u00e1ner DigitalCheck TS500 - NEXO IT\",\"isPartOf\":{\"@id\":\"https:\/\/www.nexoit.com.uy\/web\/#website\"},\"datePublished\":\"2017-12-29T17:04:07+00:00\",\"dateModified\":\"2017-12-29T17:04:07+00:00\",\"description\":\"El scanner de captura de cajero TellerScan TS500 representa un gran avance en la captura de documentos en la sucursal.\",\"breadcrumb\":{\"@id\":\"https:\/\/www.nexoit.com.uy\/web\/tienda\/escaneres-digitalcheck\/escaneres-digitalchek-departamentales\/scanner-digitalcheck-ts500\/#breadcrumb\"},\"inLanguage\":\"es\",\"potentialAction\":[{\"@type\":\"ReadAction\",\"target\":[\"https:\/\/www.nexoit.com.uy\/web\/tienda\/escaneres-digitalcheck\/escaneres-digitalchek-departamentales\/scanner-digitalcheck-ts500\/\"]}]},{\"@type\":\"BreadcrumbList\",\"@id\":\"https:\/\/www.nexoit.com.uy\/web\/tienda\/escaneres-digitalcheck\/escaneres-digitalchek-departamentales\/scanner-digitalcheck-ts500\/#breadcrumb\",\"itemListElement\":[{\"@type\":\"ListItem\",\"position\":1,\"name\":\"Portada\",\"item\":\"https:\/\/www.nexoit.com.uy\/web\/\"},{\"@type\":\"ListItem\",\"position\":2,\"name\":\"Esc\u00e1ner DigitalCheck TS500\"}]},{\"@type\":\"WebSite\",\"@id\":\"https:\/\/www.nexoit.com.uy\/web\/#website\",\"url\":\"https:\/\/www.nexoit.com.uy\/web\/\",\"name\":\"NEXO IT\",\"description\":\"Expertos en gesti\u00f3n documental\",\"potentialAction\":[{\"@type\":\"SearchAction\",\"target\":{\"@type\":\"EntryPoint\",\"urlTemplate\":\"https:\/\/www.nexoit.com.uy\/web\/?s={search_term_string}\"},\"query-input\":\"required name=search_term_string\"}],\"inLanguage\":\"es\"}]}<\/script>\n<!-- \/ Yoast SEO plugin. -->","yoast_head_json":{"title":"Esc\u00e1ner DigitalCheck TS500 - NEXO IT","description":"El scanner de captura de cajero TellerScan TS500 representa un gran avance en la captura de documentos en la sucursal.","robots":{"index":"index","follow":"follow","max-snippet":"max-snippet:-1","max-image-preview":"max-image-preview:large","max-video-preview":"max-video-preview:-1"},"canonical":"https:\/\/www.nexoit.com.uy\/web\/tienda\/escaneres-digitalcheck\/escaneres-digitalchek-departamentales\/scanner-digitalcheck-ts500\/","og_locale":"es_ES","og_type":"article","og_title":"Esc\u00e1ner DigitalCheck TS500 - NEXO IT","og_description":"El scanner de captura de cajero TellerScan TS500 representa un gran avance en la captura de documentos en la sucursal.","og_url":"https:\/\/www.nexoit.com.uy\/web\/tienda\/escaneres-digitalcheck\/escaneres-digitalchek-departamentales\/scanner-digitalcheck-ts500\/","og_site_name":"NEXO IT","og_image":[{"width":333,"height":320,"url":"https:\/\/www.nexoit.com.uy\/web\/wp-content\/uploads\/2017\/12\/scanner-TS500.jpg","type":"image\/jpeg"}],"twitter_misc":{"Tiempo de lectura":"1 minuto"},"schema":{"@context":"https:\/\/schema.org","@graph":[{"@type":"WebPage","@id":"https:\/\/www.nexoit.com.uy\/web\/tienda\/escaneres-digitalcheck\/escaneres-digitalchek-departamentales\/scanner-digitalcheck-ts500\/","url":"https:\/\/www.nexoit.com.uy\/web\/tienda\/escaneres-digitalcheck\/escaneres-digitalchek-departamentales\/scanner-digitalcheck-ts500\/","name":"Esc\u00e1ner DigitalCheck TS500 - NEXO IT","isPartOf":{"@id":"https:\/\/www.nexoit.com.uy\/web\/#website"},"datePublished":"2017-12-29T17:04:07+00:00","dateModified":"2017-12-29T17:04:07+00:00","description":"El scanner de captura de cajero TellerScan TS500 representa un gran avance en la captura de documentos en la sucursal.","breadcrumb":{"@id":"https:\/\/www.nexoit.com.uy\/web\/tienda\/escaneres-digitalcheck\/escaneres-digitalchek-departamentales\/scanner-digitalcheck-ts500\/#breadcrumb"},"inLanguage":"es","potentialAction":[{"@type":"ReadAction","target":["https:\/\/www.nexoit.com.uy\/web\/tienda\/escaneres-digitalcheck\/escaneres-digitalchek-departamentales\/scanner-digitalcheck-ts500\/"]}]},{"@type":"BreadcrumbList","@id":"https:\/\/www.nexoit.com.uy\/web\/tienda\/escaneres-digitalcheck\/escaneres-digitalchek-departamentales\/scanner-digitalcheck-ts500\/#breadcrumb","itemListElement":[{"@type":"ListItem","position":1,"name":"Portada","item":"https:\/\/www.nexoit.com.uy\/web\/"},{"@type":"ListItem","position":2,"name":"Esc\u00e1ner DigitalCheck TS500"}]},{"@type":"WebSite","@id":"https:\/\/www.nexoit.com.uy\/web\/#website","url":"https:\/\/www.nexoit.com.uy\/web\/","name":"NEXO IT","description":"Expertos en gesti\u00f3n documental","potentialAction":[{"@type":"SearchAction","target":{"@type":"EntryPoint","urlTemplate":"https:\/\/www.nexoit.com.uy\/web\/?s={search_term_string}"},"query-input":"required name=search_term_string"}],"inLanguage":"es"}]}},"_links":{"self":[{"href":"https:\/\/www.nexoit.com.uy\/web\/wp-json\/wp\/v2\/product\/827"}],"collection":[{"href":"https:\/\/www.nexoit.com.uy\/web\/wp-json\/wp\/v2\/product"}],"about":[{"href":"https:\/\/www.nexoit.com.uy\/web\/wp-json\/wp\/v2\/types\/product"}],"replies":[{"embeddable":true,"href":"https:\/\/www.nexoit.com.uy\/web\/wp-json\/wp\/v2\/comments?post=827"}],"wp:featuredmedia":[{"embeddable":true,"href":"https:\/\/www.nexoit.com.uy\/web\/wp-json\/wp\/v2\/media\/828"}],"wp:attachment":[{"href":"https:\/\/www.nexoit.com.uy\/web\/wp-json\/wp\/v2\/media?parent=827"}],"wp:term":[{"taxonomy":"product_cat","embeddable":true,"href":"https:\/\/www.nexoit.com.uy\/web\/wp-json\/wp\/v2\/product_cat?post=827"},{"taxonomy":"product_tag","embeddable":true,"href":"https:\/\/www.nexoit.com.uy\/web\/wp-json\/wp\/v2\/product_tag?post=827"}],"curies":[{"name":"wp","href":"https:\/\/api.w.org\/{rel}","templated":true}]}}