{"id":724,"date":"2017-12-07T12:10:37","date_gmt":"2017-12-07T15:10:37","guid":{"rendered":"http:\/\/nexoit.com.uy\/web\/?post_type=product&#038;p=724"},"modified":"2017-12-07T13:17:30","modified_gmt":"2017-12-07T16:17:30","slug":"scanner-fujitsu-fi-7240","status":"publish","type":"product","link":"https:\/\/www.nexoit.com.uy\/web\/tienda\/escaneres-fujitsu\/escaneres-departamentales\/scanner-fujitsu-fi-7240\/","title":{"rendered":"Esc\u00e1ner Fujitsu FI-7240"},"content":{"rendered":"<h6>Este esc\u00e1ner proporciona un sistema de alimentaci\u00f3n sin precedentes garantizando una captura por lotes fiable, independientemente del estado en que se encuentre el documento.<\/h6>\n<p>El esc\u00e1ner de la serie fi resulta esencial y proporciona un rendimiento excepcional<\/p>\n<ul>\n<li>Escanea a color, en escala de grises y en blanco y negro a una velocidad de 40 ppm\/80 ipm<\/li>\n<li>Alimentador autom\u00e1tico de documentos (ADF) de 80 hojas<\/li>\n<li>Avanzada tecnolog\u00eda de manejo de papel para ofrecer las \u00faltimas mejoras en fiabilidad de alimentaci\u00f3n<\/li>\n<li>Fuente de iluminaci\u00f3n LED<\/li>\n<li>Cristal integrado (216 x 297 mm)<\/li>\n<li>Scanner Central Admin suite<\/li>\n<li>Escaneado de tarjetas con relieve (1,4\u00a0mm de grosor)<\/li>\n<li>Incluye\u00a0PaperStream IP\u00a0(TWAIN\/ISIS) y PaperStream Capture<\/li>\n<\/ul>\n","protected":false},"excerpt":{"rendered":"<p>Este esc\u00e1ner proporciona un sistema de alimentaci\u00f3n sin precedentes garantizando una captura por lotes fiable, independientemente del estado en que se encuentre el documento. El esc\u00e1ner de la serie fi resulta esencial y proporciona un rendimiento excepcional Escanea a color, en escala de grises y en blanco y negro a una velocidad de 40 ppm\/80 [&hellip;]<\/p>\n","protected":false},"featured_media":725,"comment_status":"closed","ping_status":"closed","template":"","meta":[],"product_cat":[13,15],"product_tag":[],"yoast_head":"<!-- This site is optimized with the Yoast SEO plugin v20.10 - https:\/\/yoast.com\/wordpress\/plugins\/seo\/ -->\n<title>Esc\u00e1ner Fujitsu FI-7240 - NEXO IT<\/title>\n<meta name=\"description\" content=\"Este scanner proporciona un sistema de alimentaci\u00f3n que garantiza una captura fiable, independientemente del estado en que se encuentre el documento.\" \/>\n<meta name=\"robots\" content=\"index, follow, max-snippet:-1, max-image-preview:large, max-video-preview:-1\" \/>\n<link rel=\"canonical\" href=\"https:\/\/www.nexoit.com.uy\/web\/tienda\/escaneres-fujitsu\/escaneres-departamentales\/scanner-fujitsu-fi-7240\/\" \/>\n<meta property=\"og:locale\" content=\"es_ES\" \/>\n<meta property=\"og:type\" content=\"article\" \/>\n<meta property=\"og:title\" content=\"Esc\u00e1ner Fujitsu FI-7240 - NEXO IT\" \/>\n<meta property=\"og:description\" content=\"Este scanner proporciona un sistema de alimentaci\u00f3n que garantiza una captura fiable, independientemente del estado en que se encuentre el documento.\" \/>\n<meta property=\"og:url\" content=\"https:\/\/www.nexoit.com.uy\/web\/tienda\/escaneres-fujitsu\/escaneres-departamentales\/scanner-fujitsu-fi-7240\/\" \/>\n<meta property=\"og:site_name\" content=\"NEXO IT\" \/>\n<meta property=\"article:modified_time\" content=\"2017-12-07T16:17:30+00:00\" \/>\n<meta property=\"og:image\" content=\"https:\/\/www.nexoit.com.uy\/web\/wp-content\/uploads\/2017\/12\/scanner-FI7240.jpg\" \/>\n\t<meta property=\"og:image:width\" content=\"680\" \/>\n\t<meta property=\"og:image:height\" content=\"680\" \/>\n\t<meta property=\"og:image:type\" content=\"image\/jpeg\" \/>\n<meta name=\"twitter:label1\" content=\"Tiempo de lectura\" \/>\n\t<meta name=\"twitter:data1\" content=\"1 minuto\" \/>\n<script type=\"application\/ld+json\" class=\"yoast-schema-graph\">{\"@context\":\"https:\/\/schema.org\",\"@graph\":[{\"@type\":\"WebPage\",\"@id\":\"https:\/\/www.nexoit.com.uy\/web\/tienda\/escaneres-fujitsu\/escaneres-departamentales\/scanner-fujitsu-fi-7240\/\",\"url\":\"https:\/\/www.nexoit.com.uy\/web\/tienda\/escaneres-fujitsu\/escaneres-departamentales\/scanner-fujitsu-fi-7240\/\",\"name\":\"Esc\u00e1ner Fujitsu FI-7240 - NEXO IT\",\"isPartOf\":{\"@id\":\"https:\/\/www.nexoit.com.uy\/web\/#website\"},\"datePublished\":\"2017-12-07T15:10:37+00:00\",\"dateModified\":\"2017-12-07T16:17:30+00:00\",\"description\":\"Este scanner proporciona un sistema de alimentaci\u00f3n que garantiza una captura fiable, independientemente del estado en que se encuentre el documento.\",\"breadcrumb\":{\"@id\":\"https:\/\/www.nexoit.com.uy\/web\/tienda\/escaneres-fujitsu\/escaneres-departamentales\/scanner-fujitsu-fi-7240\/#breadcrumb\"},\"inLanguage\":\"es\",\"potentialAction\":[{\"@type\":\"ReadAction\",\"target\":[\"https:\/\/www.nexoit.com.uy\/web\/tienda\/escaneres-fujitsu\/escaneres-departamentales\/scanner-fujitsu-fi-7240\/\"]}]},{\"@type\":\"BreadcrumbList\",\"@id\":\"https:\/\/www.nexoit.com.uy\/web\/tienda\/escaneres-fujitsu\/escaneres-departamentales\/scanner-fujitsu-fi-7240\/#breadcrumb\",\"itemListElement\":[{\"@type\":\"ListItem\",\"position\":1,\"name\":\"Portada\",\"item\":\"https:\/\/www.nexoit.com.uy\/web\/\"},{\"@type\":\"ListItem\",\"position\":2,\"name\":\"Esc\u00e1ner Fujitsu FI-7240\"}]},{\"@type\":\"WebSite\",\"@id\":\"https:\/\/www.nexoit.com.uy\/web\/#website\",\"url\":\"https:\/\/www.nexoit.com.uy\/web\/\",\"name\":\"NEXO IT\",\"description\":\"Expertos en gesti\u00f3n documental\",\"potentialAction\":[{\"@type\":\"SearchAction\",\"target\":{\"@type\":\"EntryPoint\",\"urlTemplate\":\"https:\/\/www.nexoit.com.uy\/web\/?s={search_term_string}\"},\"query-input\":\"required name=search_term_string\"}],\"inLanguage\":\"es\"}]}<\/script>\n<!-- \/ Yoast SEO plugin. -->","yoast_head_json":{"title":"Esc\u00e1ner Fujitsu FI-7240 - NEXO IT","description":"Este scanner proporciona un sistema de alimentaci\u00f3n que garantiza una captura fiable, independientemente del estado en que se encuentre el documento.","robots":{"index":"index","follow":"follow","max-snippet":"max-snippet:-1","max-image-preview":"max-image-preview:large","max-video-preview":"max-video-preview:-1"},"canonical":"https:\/\/www.nexoit.com.uy\/web\/tienda\/escaneres-fujitsu\/escaneres-departamentales\/scanner-fujitsu-fi-7240\/","og_locale":"es_ES","og_type":"article","og_title":"Esc\u00e1ner Fujitsu FI-7240 - NEXO IT","og_description":"Este scanner proporciona un sistema de alimentaci\u00f3n que garantiza una captura fiable, independientemente del estado en que se encuentre el documento.","og_url":"https:\/\/www.nexoit.com.uy\/web\/tienda\/escaneres-fujitsu\/escaneres-departamentales\/scanner-fujitsu-fi-7240\/","og_site_name":"NEXO IT","article_modified_time":"2017-12-07T16:17:30+00:00","og_image":[{"width":680,"height":680,"url":"https:\/\/www.nexoit.com.uy\/web\/wp-content\/uploads\/2017\/12\/scanner-FI7240.jpg","type":"image\/jpeg"}],"twitter_misc":{"Tiempo de lectura":"1 minuto"},"schema":{"@context":"https:\/\/schema.org","@graph":[{"@type":"WebPage","@id":"https:\/\/www.nexoit.com.uy\/web\/tienda\/escaneres-fujitsu\/escaneres-departamentales\/scanner-fujitsu-fi-7240\/","url":"https:\/\/www.nexoit.com.uy\/web\/tienda\/escaneres-fujitsu\/escaneres-departamentales\/scanner-fujitsu-fi-7240\/","name":"Esc\u00e1ner Fujitsu FI-7240 - NEXO IT","isPartOf":{"@id":"https:\/\/www.nexoit.com.uy\/web\/#website"},"datePublished":"2017-12-07T15:10:37+00:00","dateModified":"2017-12-07T16:17:30+00:00","description":"Este scanner proporciona un sistema de alimentaci\u00f3n que garantiza una captura fiable, independientemente del estado en que se encuentre el documento.","breadcrumb":{"@id":"https:\/\/www.nexoit.com.uy\/web\/tienda\/escaneres-fujitsu\/escaneres-departamentales\/scanner-fujitsu-fi-7240\/#breadcrumb"},"inLanguage":"es","potentialAction":[{"@type":"ReadAction","target":["https:\/\/www.nexoit.com.uy\/web\/tienda\/escaneres-fujitsu\/escaneres-departamentales\/scanner-fujitsu-fi-7240\/"]}]},{"@type":"BreadcrumbList","@id":"https:\/\/www.nexoit.com.uy\/web\/tienda\/escaneres-fujitsu\/escaneres-departamentales\/scanner-fujitsu-fi-7240\/#breadcrumb","itemListElement":[{"@type":"ListItem","position":1,"name":"Portada","item":"https:\/\/www.nexoit.com.uy\/web\/"},{"@type":"ListItem","position":2,"name":"Esc\u00e1ner Fujitsu FI-7240"}]},{"@type":"WebSite","@id":"https:\/\/www.nexoit.com.uy\/web\/#website","url":"https:\/\/www.nexoit.com.uy\/web\/","name":"NEXO IT","description":"Expertos en gesti\u00f3n documental","potentialAction":[{"@type":"SearchAction","target":{"@type":"EntryPoint","urlTemplate":"https:\/\/www.nexoit.com.uy\/web\/?s={search_term_string}"},"query-input":"required name=search_term_string"}],"inLanguage":"es"}]}},"_links":{"self":[{"href":"https:\/\/www.nexoit.com.uy\/web\/wp-json\/wp\/v2\/product\/724"}],"collection":[{"href":"https:\/\/www.nexoit.com.uy\/web\/wp-json\/wp\/v2\/product"}],"about":[{"href":"https:\/\/www.nexoit.com.uy\/web\/wp-json\/wp\/v2\/types\/product"}],"replies":[{"embeddable":true,"href":"https:\/\/www.nexoit.com.uy\/web\/wp-json\/wp\/v2\/comments?post=724"}],"wp:featuredmedia":[{"embeddable":true,"href":"https:\/\/www.nexoit.com.uy\/web\/wp-json\/wp\/v2\/media\/725"}],"wp:attachment":[{"href":"https:\/\/www.nexoit.com.uy\/web\/wp-json\/wp\/v2\/media?parent=724"}],"wp:term":[{"taxonomy":"product_cat","embeddable":true,"href":"https:\/\/www.nexoit.com.uy\/web\/wp-json\/wp\/v2\/product_cat?post=724"},{"taxonomy":"product_tag","embeddable":true,"href":"https:\/\/www.nexoit.com.uy\/web\/wp-json\/wp\/v2\/product_tag?post=724"}],"curies":[{"name":"wp","href":"https:\/\/api.w.org\/{rel}","templated":true}]}}