{"id":70,"date":"2015-04-01T12:26:25","date_gmt":"2015-04-01T15:26:25","guid":{"rendered":"http:\/\/nexoit.com.uy\/web\/?post_type=product&#038;p=70"},"modified":"2015-04-10T14:08:20","modified_gmt":"2015-04-10T17:08:20","slug":"papyrus-cheques","status":"publish","type":"product","link":"https:\/\/www.nexoit.com.uy\/web\/tienda\/papyrus\/papyrus-cheques\/","title":{"rendered":"Papyrus Cheques"},"content":{"rendered":"<blockquote><p>Soluci\u00f3n para el escaneo y procesamiento de Cheques, permitiendo controlar el flujo y la integridad de la informaci\u00f3n en el proceso e intercambio de los mismos, logrando reducir los plazos de liquidaci\u00f3n. <strong>PAPYRUS-Cheques,<\/strong> le permitir\u00e1 automatizar la digitalizaci\u00f3n y reconocimiento de informaci\u00f3n. <strong>Si procesa cheques<\/strong> (centralizado o descentralizado), si requiere procesos de truncamiento, <strong>este producto es de gran aporte.<\/strong><\/p><\/blockquote>\n<h4>Autenticaci\u00f3n:<\/h4>\n<p>Cuenta con \u00e1rea restringida para el acceso de usuarios autorizados.<\/p>\n<h4>Vol\u00famenes de datos:<\/h4>\n<p>Plataforma que permite manejar grandes vol\u00famenes de datos, contando con bases de datos relacionales robustas.<\/p>\n<h4>Acceso a la informaci\u00f3n:<\/h4>\n<p>Facilita el procesamiento de informaci\u00f3n, permitiendo tener mayor control y seguimiento de la informaci\u00f3n e incluso generar reportes estad\u00edsticos en tiempo real; agilidad y acceso centralizado a la informaci\u00f3n procesada.<\/p>\n<h4>Digitalizaci\u00f3n:<\/h4>\n<p>Utiliza equipamiento FUJITSU modelos FI-6130z, FI-7160 y FI-7180; esc\u00e1neres de alta producci\u00f3n por lo cual est\u00e1 preparado para las diversas exigencias del negocio y reducir el tiempo de procesamiento en los puestos de entrada, con mejor calidad de los datos procesados.<\/p>\n<h4>Intuitivo:<\/h4>\n<p>De f\u00e1cil manejo para los usuarios, \u00e1gil relevamiento de datos y lectura de banda magn\u00e9tica, libre de errores. NO requiere definici\u00f3n previa de formato de cheques.<\/p>\n<h4>Reducci\u00f3n de costos operativos:<\/h4>\n<p>Logre mayor automatizaci\u00f3n por medio de procesos de reconocimiento OCR\/ICR de informaci\u00f3n, flexibilidad (configurable), integraci\u00f3n con sistemas externos. Realice f\u00e1cilmente el<br \/>\ncorrecto seguimiento y control de los datos.<\/p>\n<h4>Lectura variada:<\/h4>\n<p>Lee e interpreta c\u00f3digo: CMC7, E13B, BARCODE, PDF417 entre otros.<\/p>\n<h4>Esquema de soluci\u00f3n:<\/h4>\n<p align=\"center\"><img decoding=\"async\" loading=\"lazy\" class=\"alignnone size-full wp-image-142\" src=\"http:\/\/www.papyrusgestor.com\/web\/wp-content\/uploads\/2014\/04\/cheques.jpg\" alt=\"cheques\" width=\"651\" height=\"492\" \/><\/p>\n<blockquote><p><a href=\"http:\/\/www.papyrusgestor.com\/docs\/Papyrus_Cheques.pdf\" target=\"_blank\"> <img decoding=\"async\" loading=\"lazy\" class=\"alignleft size-full wp-image-172\" src=\"http:\/\/www.papyrusgestor.com\/web\/wp-content\/uploads\/2014\/04\/icon_pdf_small.png\" alt=\"icon_pdf_small\" width=\"34\" height=\"40\" \/> Descargar PDF<\/a><\/p><\/blockquote>\n","protected":false},"excerpt":{"rendered":"<p><strong>PAPYRUS-Cheques,<\/strong> le permitir\u00e1 automatizar la digitalizaci\u00f3n y reconocimiento de informaci\u00f3n.<\/p>\n","protected":false},"featured_media":83,"comment_status":"closed","ping_status":"closed","template":"","meta":[],"product_cat":[20],"product_tag":[19],"yoast_head":"<!-- This site is optimized with the Yoast SEO plugin v20.10 - https:\/\/yoast.com\/wordpress\/plugins\/seo\/ -->\n<title>Papyrus Cheques - NEXO IT<\/title>\n<meta name=\"robots\" content=\"index, follow, max-snippet:-1, max-image-preview:large, max-video-preview:-1\" \/>\n<link rel=\"canonical\" href=\"https:\/\/www.nexoit.com.uy\/web\/tienda\/papyrus\/papyrus-cheques\/\" \/>\n<meta property=\"og:locale\" content=\"es_ES\" \/>\n<meta property=\"og:type\" content=\"article\" \/>\n<meta property=\"og:title\" content=\"Papyrus Cheques - NEXO IT\" \/>\n<meta property=\"og:description\" content=\"PAPYRUS-Cheques, le permitir\u00e1 automatizar la digitalizaci\u00f3n y reconocimiento de informaci\u00f3n.\" \/>\n<meta property=\"og:url\" content=\"https:\/\/www.nexoit.com.uy\/web\/tienda\/papyrus\/papyrus-cheques\/\" \/>\n<meta property=\"og:site_name\" content=\"NEXO IT\" \/>\n<meta property=\"article:modified_time\" content=\"2015-04-10T17:08:20+00:00\" \/>\n<meta property=\"og:image\" content=\"https:\/\/www.nexoit.com.uy\/web\/wp-content\/uploads\/2015\/04\/cheques.png\" \/>\n\t<meta property=\"og:image:width\" content=\"239\" \/>\n\t<meta property=\"og:image:height\" content=\"330\" \/>\n\t<meta property=\"og:image:type\" content=\"image\/png\" \/>\n<meta name=\"twitter:label1\" content=\"Tiempo de lectura\" \/>\n\t<meta name=\"twitter:data1\" content=\"1 minuto\" \/>\n<script type=\"application\/ld+json\" class=\"yoast-schema-graph\">{\"@context\":\"https:\/\/schema.org\",\"@graph\":[{\"@type\":\"WebPage\",\"@id\":\"https:\/\/www.nexoit.com.uy\/web\/tienda\/papyrus\/papyrus-cheques\/\",\"url\":\"https:\/\/www.nexoit.com.uy\/web\/tienda\/papyrus\/papyrus-cheques\/\",\"name\":\"Papyrus Cheques - NEXO IT\",\"isPartOf\":{\"@id\":\"https:\/\/www.nexoit.com.uy\/web\/#website\"},\"datePublished\":\"2015-04-01T15:26:25+00:00\",\"dateModified\":\"2015-04-10T17:08:20+00:00\",\"breadcrumb\":{\"@id\":\"https:\/\/www.nexoit.com.uy\/web\/tienda\/papyrus\/papyrus-cheques\/#breadcrumb\"},\"inLanguage\":\"es\",\"potentialAction\":[{\"@type\":\"ReadAction\",\"target\":[\"https:\/\/www.nexoit.com.uy\/web\/tienda\/papyrus\/papyrus-cheques\/\"]}]},{\"@type\":\"BreadcrumbList\",\"@id\":\"https:\/\/www.nexoit.com.uy\/web\/tienda\/papyrus\/papyrus-cheques\/#breadcrumb\",\"itemListElement\":[{\"@type\":\"ListItem\",\"position\":1,\"name\":\"Portada\",\"item\":\"https:\/\/www.nexoit.com.uy\/web\/\"},{\"@type\":\"ListItem\",\"position\":2,\"name\":\"Papyrus Cheques\"}]},{\"@type\":\"WebSite\",\"@id\":\"https:\/\/www.nexoit.com.uy\/web\/#website\",\"url\":\"https:\/\/www.nexoit.com.uy\/web\/\",\"name\":\"NEXO IT\",\"description\":\"Expertos en gesti\u00f3n documental\",\"potentialAction\":[{\"@type\":\"SearchAction\",\"target\":{\"@type\":\"EntryPoint\",\"urlTemplate\":\"https:\/\/www.nexoit.com.uy\/web\/?s={search_term_string}\"},\"query-input\":\"required name=search_term_string\"}],\"inLanguage\":\"es\"}]}<\/script>\n<!-- \/ Yoast SEO plugin. -->","yoast_head_json":{"title":"Papyrus Cheques - NEXO IT","robots":{"index":"index","follow":"follow","max-snippet":"max-snippet:-1","max-image-preview":"max-image-preview:large","max-video-preview":"max-video-preview:-1"},"canonical":"https:\/\/www.nexoit.com.uy\/web\/tienda\/papyrus\/papyrus-cheques\/","og_locale":"es_ES","og_type":"article","og_title":"Papyrus Cheques - NEXO IT","og_description":"PAPYRUS-Cheques, le permitir\u00e1 automatizar la digitalizaci\u00f3n y reconocimiento de informaci\u00f3n.","og_url":"https:\/\/www.nexoit.com.uy\/web\/tienda\/papyrus\/papyrus-cheques\/","og_site_name":"NEXO IT","article_modified_time":"2015-04-10T17:08:20+00:00","og_image":[{"width":239,"height":330,"url":"https:\/\/www.nexoit.com.uy\/web\/wp-content\/uploads\/2015\/04\/cheques.png","type":"image\/png"}],"twitter_misc":{"Tiempo de lectura":"1 minuto"},"schema":{"@context":"https:\/\/schema.org","@graph":[{"@type":"WebPage","@id":"https:\/\/www.nexoit.com.uy\/web\/tienda\/papyrus\/papyrus-cheques\/","url":"https:\/\/www.nexoit.com.uy\/web\/tienda\/papyrus\/papyrus-cheques\/","name":"Papyrus Cheques - NEXO IT","isPartOf":{"@id":"https:\/\/www.nexoit.com.uy\/web\/#website"},"datePublished":"2015-04-01T15:26:25+00:00","dateModified":"2015-04-10T17:08:20+00:00","breadcrumb":{"@id":"https:\/\/www.nexoit.com.uy\/web\/tienda\/papyrus\/papyrus-cheques\/#breadcrumb"},"inLanguage":"es","potentialAction":[{"@type":"ReadAction","target":["https:\/\/www.nexoit.com.uy\/web\/tienda\/papyrus\/papyrus-cheques\/"]}]},{"@type":"BreadcrumbList","@id":"https:\/\/www.nexoit.com.uy\/web\/tienda\/papyrus\/papyrus-cheques\/#breadcrumb","itemListElement":[{"@type":"ListItem","position":1,"name":"Portada","item":"https:\/\/www.nexoit.com.uy\/web\/"},{"@type":"ListItem","position":2,"name":"Papyrus Cheques"}]},{"@type":"WebSite","@id":"https:\/\/www.nexoit.com.uy\/web\/#website","url":"https:\/\/www.nexoit.com.uy\/web\/","name":"NEXO IT","description":"Expertos en gesti\u00f3n documental","potentialAction":[{"@type":"SearchAction","target":{"@type":"EntryPoint","urlTemplate":"https:\/\/www.nexoit.com.uy\/web\/?s={search_term_string}"},"query-input":"required name=search_term_string"}],"inLanguage":"es"}]}},"_links":{"self":[{"href":"https:\/\/www.nexoit.com.uy\/web\/wp-json\/wp\/v2\/product\/70"}],"collection":[{"href":"https:\/\/www.nexoit.com.uy\/web\/wp-json\/wp\/v2\/product"}],"about":[{"href":"https:\/\/www.nexoit.com.uy\/web\/wp-json\/wp\/v2\/types\/product"}],"replies":[{"embeddable":true,"href":"https:\/\/www.nexoit.com.uy\/web\/wp-json\/wp\/v2\/comments?post=70"}],"wp:featuredmedia":[{"embeddable":true,"href":"https:\/\/www.nexoit.com.uy\/web\/wp-json\/wp\/v2\/media\/83"}],"wp:attachment":[{"href":"https:\/\/www.nexoit.com.uy\/web\/wp-json\/wp\/v2\/media?parent=70"}],"wp:term":[{"taxonomy":"product_cat","embeddable":true,"href":"https:\/\/www.nexoit.com.uy\/web\/wp-json\/wp\/v2\/product_cat?post=70"},{"taxonomy":"product_tag","embeddable":true,"href":"https:\/\/www.nexoit.com.uy\/web\/wp-json\/wp\/v2\/product_tag?post=70"}],"curies":[{"name":"wp","href":"https:\/\/api.w.org\/{rel}","templated":true}]}}