{"id":275,"date":"2015-05-18T16:10:52","date_gmt":"2015-05-18T19:10:52","guid":{"rendered":"http:\/\/nexoit.com.uy\/web\/?post_type=product&#038;p=275"},"modified":"2019-06-25T10:52:38","modified_gmt":"2019-06-25T13:52:38","slug":"scanner-scansnap-ix-100","status":"publish","type":"product","link":"https:\/\/www.nexoit.com.uy\/web\/tienda\/escaneres-fujitsu\/escaneres-personales-fujitsu\/scanner-scansnap-ix-100\/","title":{"rendered":"Esc\u00e1ner Fujitsu ScanSnap IX-100"},"content":{"rendered":"<p><strong>ScanSnap iX100<\/strong> es el primer esc\u00e1ner para Smartphone, ideal para escanear sin cables a cualquier dispositivo, a servicios en la nube y a aplicaciones ofim\u00e1ticas.<\/p>\n<p>El <strong>ScanSnap iX100<\/strong> es incre\u00edblemente r\u00e1pido y totalmente m\u00f3vil, hace que la captura de documentos sea m\u00e1s r\u00e1pida y m\u00e1s f\u00e1cil en la oficina, en casa o en los desplazamientos. Dispone de un formato compacto y ligero que incluye adem\u00e1s un alimentador de documentos A4, un procesador Gl para captura mejorada y conectividad Wi-Fi o USB para compartir y sincronizar sus documentos en cualquier momento y lugar. Su carcasa de tan solo 400 gr y su bater\u00eda de ion-litio, que puede proporcionar m\u00e1s de 260 capturas, hacen que sea uno de los m\u00e1s ligeros del mercado.<\/p>\n<p><strong>Caracter\u00edsticas:<\/strong><br \/>\nEscaneo de documentos A4 en tan solo 5 segundos.<br \/>\nDigitalizaci\u00f3n instant\u00e1nea con solo tocar un bot\u00f3n.<br \/>\nFuncionalidad Wi-Fi integrada.<br \/>\nPosibilidad de escaneo mediante USB.<br \/>\nRecorrido recto para documentos de mayor grosor (hasta 209 g\/m2).<br \/>\nRecorrido en U para documentos de hasta 80 g\/m2 o si el espacio es reducido.<br \/>\nEscaneo de dos o m\u00e1s documentos peque\u00f1os, como tarjetas de visita de forma simult\u00e1nea.<br \/>\nDocumentos A3: Combine autom\u00e1ticamente p\u00e1ginas A4 con contenido superpuesto.<br \/>\nPaquete de software compatible para sistemas operativos Win o Mac.<br \/>\nPosibilidad de escanear y crear archivos editables de Microsoft Word, Excel y Power Point utilizando el software ABBYY FineReader.<br \/>\nCreaci\u00f3n autom\u00e1tica de archivos PDF haciendo que la recuperaci\u00f3n y gesti\u00f3n de los datos escaneados sea m\u00e1s f\u00e1cil.<\/p>\n<p><iframe loading=\"lazy\" src=\"https:\/\/www.youtube.com\/embed\/xEEgFUmPBV8\" width=\"560\" height=\"315\" frameborder=\"0\" allowfullscreen=\"allowfullscreen\"><\/iframe><\/p>\n","protected":false},"excerpt":{"rendered":"<p>ScanSnap iX100 es el primer esc\u00e1ner para Smartphone, ideal para escanear sin cables a cualquier dispositivo, a servicios en la nube y a aplicaciones ofim\u00e1ticas. El ScanSnap iX100 es incre\u00edblemente r\u00e1pido y totalmente m\u00f3vil, hace que la captura de documentos sea m\u00e1s r\u00e1pida y m\u00e1s f\u00e1cil en la oficina, en casa o en los desplazamientos. [&hellip;]<\/p>\n","protected":false},"featured_media":412,"comment_status":"closed","ping_status":"closed","template":"","meta":[],"product_cat":[13,26],"product_tag":[],"yoast_head":"<!-- This site is optimized with the Yoast SEO plugin v20.10 - https:\/\/yoast.com\/wordpress\/plugins\/seo\/ -->\n<title>Esc\u00e1ner Fujitsu ScanSnap IX-100 - NEXO IT<\/title>\n<meta name=\"robots\" content=\"index, follow, max-snippet:-1, max-image-preview:large, max-video-preview:-1\" \/>\n<link rel=\"canonical\" href=\"https:\/\/www.nexoit.com.uy\/web\/tienda\/escaneres-fujitsu\/escaneres-personales-fujitsu\/scanner-scansnap-ix-100\/\" \/>\n<meta property=\"og:locale\" content=\"es_ES\" \/>\n<meta property=\"og:type\" content=\"article\" \/>\n<meta property=\"og:title\" content=\"Esc\u00e1ner Fujitsu ScanSnap IX-100 - NEXO IT\" \/>\n<meta property=\"og:description\" content=\"ScanSnap iX100 es el primer esc\u00e1ner para Smartphone, ideal para escanear sin cables a cualquier dispositivo, a servicios en la nube y a aplicaciones ofim\u00e1ticas. El ScanSnap iX100 es incre\u00edblemente r\u00e1pido y totalmente m\u00f3vil, hace que la captura de documentos sea m\u00e1s r\u00e1pida y m\u00e1s f\u00e1cil en la oficina, en casa o en los desplazamientos. [&hellip;]\" \/>\n<meta property=\"og:url\" content=\"https:\/\/www.nexoit.com.uy\/web\/tienda\/escaneres-fujitsu\/escaneres-personales-fujitsu\/scanner-scansnap-ix-100\/\" \/>\n<meta property=\"og:site_name\" content=\"NEXO IT\" \/>\n<meta property=\"article:modified_time\" content=\"2019-06-25T13:52:38+00:00\" \/>\n<meta property=\"og:image\" content=\"https:\/\/www.nexoit.com.uy\/web\/wp-content\/uploads\/2015\/06\/IX100.jpg\" \/>\n\t<meta property=\"og:image:width\" content=\"480\" \/>\n\t<meta property=\"og:image:height\" content=\"480\" \/>\n\t<meta property=\"og:image:type\" content=\"image\/jpeg\" \/>\n<meta name=\"twitter:label1\" content=\"Tiempo de lectura\" \/>\n\t<meta name=\"twitter:data1\" content=\"1 minuto\" \/>\n<script type=\"application\/ld+json\" class=\"yoast-schema-graph\">{\"@context\":\"https:\/\/schema.org\",\"@graph\":[{\"@type\":\"WebPage\",\"@id\":\"https:\/\/www.nexoit.com.uy\/web\/tienda\/escaneres-fujitsu\/escaneres-personales-fujitsu\/scanner-scansnap-ix-100\/\",\"url\":\"https:\/\/www.nexoit.com.uy\/web\/tienda\/escaneres-fujitsu\/escaneres-personales-fujitsu\/scanner-scansnap-ix-100\/\",\"name\":\"Esc\u00e1ner Fujitsu ScanSnap IX-100 - NEXO IT\",\"isPartOf\":{\"@id\":\"https:\/\/www.nexoit.com.uy\/web\/#website\"},\"datePublished\":\"2015-05-18T19:10:52+00:00\",\"dateModified\":\"2019-06-25T13:52:38+00:00\",\"breadcrumb\":{\"@id\":\"https:\/\/www.nexoit.com.uy\/web\/tienda\/escaneres-fujitsu\/escaneres-personales-fujitsu\/scanner-scansnap-ix-100\/#breadcrumb\"},\"inLanguage\":\"es\",\"potentialAction\":[{\"@type\":\"ReadAction\",\"target\":[\"https:\/\/www.nexoit.com.uy\/web\/tienda\/escaneres-fujitsu\/escaneres-personales-fujitsu\/scanner-scansnap-ix-100\/\"]}]},{\"@type\":\"BreadcrumbList\",\"@id\":\"https:\/\/www.nexoit.com.uy\/web\/tienda\/escaneres-fujitsu\/escaneres-personales-fujitsu\/scanner-scansnap-ix-100\/#breadcrumb\",\"itemListElement\":[{\"@type\":\"ListItem\",\"position\":1,\"name\":\"Portada\",\"item\":\"https:\/\/www.nexoit.com.uy\/web\/\"},{\"@type\":\"ListItem\",\"position\":2,\"name\":\"Esc\u00e1ner Fujitsu ScanSnap IX-100\"}]},{\"@type\":\"WebSite\",\"@id\":\"https:\/\/www.nexoit.com.uy\/web\/#website\",\"url\":\"https:\/\/www.nexoit.com.uy\/web\/\",\"name\":\"NEXO IT\",\"description\":\"Expertos en gesti\u00f3n documental\",\"potentialAction\":[{\"@type\":\"SearchAction\",\"target\":{\"@type\":\"EntryPoint\",\"urlTemplate\":\"https:\/\/www.nexoit.com.uy\/web\/?s={search_term_string}\"},\"query-input\":\"required name=search_term_string\"}],\"inLanguage\":\"es\"}]}<\/script>\n<!-- \/ Yoast SEO plugin. -->","yoast_head_json":{"title":"Esc\u00e1ner Fujitsu ScanSnap IX-100 - NEXO IT","robots":{"index":"index","follow":"follow","max-snippet":"max-snippet:-1","max-image-preview":"max-image-preview:large","max-video-preview":"max-video-preview:-1"},"canonical":"https:\/\/www.nexoit.com.uy\/web\/tienda\/escaneres-fujitsu\/escaneres-personales-fujitsu\/scanner-scansnap-ix-100\/","og_locale":"es_ES","og_type":"article","og_title":"Esc\u00e1ner Fujitsu ScanSnap IX-100 - NEXO IT","og_description":"ScanSnap iX100 es el primer esc\u00e1ner para Smartphone, ideal para escanear sin cables a cualquier dispositivo, a servicios en la nube y a aplicaciones ofim\u00e1ticas. El ScanSnap iX100 es incre\u00edblemente r\u00e1pido y totalmente m\u00f3vil, hace que la captura de documentos sea m\u00e1s r\u00e1pida y m\u00e1s f\u00e1cil en la oficina, en casa o en los desplazamientos. [&hellip;]","og_url":"https:\/\/www.nexoit.com.uy\/web\/tienda\/escaneres-fujitsu\/escaneres-personales-fujitsu\/scanner-scansnap-ix-100\/","og_site_name":"NEXO IT","article_modified_time":"2019-06-25T13:52:38+00:00","og_image":[{"width":480,"height":480,"url":"https:\/\/www.nexoit.com.uy\/web\/wp-content\/uploads\/2015\/06\/IX100.jpg","type":"image\/jpeg"}],"twitter_misc":{"Tiempo de lectura":"1 minuto"},"schema":{"@context":"https:\/\/schema.org","@graph":[{"@type":"WebPage","@id":"https:\/\/www.nexoit.com.uy\/web\/tienda\/escaneres-fujitsu\/escaneres-personales-fujitsu\/scanner-scansnap-ix-100\/","url":"https:\/\/www.nexoit.com.uy\/web\/tienda\/escaneres-fujitsu\/escaneres-personales-fujitsu\/scanner-scansnap-ix-100\/","name":"Esc\u00e1ner Fujitsu ScanSnap IX-100 - NEXO IT","isPartOf":{"@id":"https:\/\/www.nexoit.com.uy\/web\/#website"},"datePublished":"2015-05-18T19:10:52+00:00","dateModified":"2019-06-25T13:52:38+00:00","breadcrumb":{"@id":"https:\/\/www.nexoit.com.uy\/web\/tienda\/escaneres-fujitsu\/escaneres-personales-fujitsu\/scanner-scansnap-ix-100\/#breadcrumb"},"inLanguage":"es","potentialAction":[{"@type":"ReadAction","target":["https:\/\/www.nexoit.com.uy\/web\/tienda\/escaneres-fujitsu\/escaneres-personales-fujitsu\/scanner-scansnap-ix-100\/"]}]},{"@type":"BreadcrumbList","@id":"https:\/\/www.nexoit.com.uy\/web\/tienda\/escaneres-fujitsu\/escaneres-personales-fujitsu\/scanner-scansnap-ix-100\/#breadcrumb","itemListElement":[{"@type":"ListItem","position":1,"name":"Portada","item":"https:\/\/www.nexoit.com.uy\/web\/"},{"@type":"ListItem","position":2,"name":"Esc\u00e1ner Fujitsu ScanSnap IX-100"}]},{"@type":"WebSite","@id":"https:\/\/www.nexoit.com.uy\/web\/#website","url":"https:\/\/www.nexoit.com.uy\/web\/","name":"NEXO IT","description":"Expertos en gesti\u00f3n documental","potentialAction":[{"@type":"SearchAction","target":{"@type":"EntryPoint","urlTemplate":"https:\/\/www.nexoit.com.uy\/web\/?s={search_term_string}"},"query-input":"required name=search_term_string"}],"inLanguage":"es"}]}},"_links":{"self":[{"href":"https:\/\/www.nexoit.com.uy\/web\/wp-json\/wp\/v2\/product\/275"}],"collection":[{"href":"https:\/\/www.nexoit.com.uy\/web\/wp-json\/wp\/v2\/product"}],"about":[{"href":"https:\/\/www.nexoit.com.uy\/web\/wp-json\/wp\/v2\/types\/product"}],"replies":[{"embeddable":true,"href":"https:\/\/www.nexoit.com.uy\/web\/wp-json\/wp\/v2\/comments?post=275"}],"wp:featuredmedia":[{"embeddable":true,"href":"https:\/\/www.nexoit.com.uy\/web\/wp-json\/wp\/v2\/media\/412"}],"wp:attachment":[{"href":"https:\/\/www.nexoit.com.uy\/web\/wp-json\/wp\/v2\/media?parent=275"}],"wp:term":[{"taxonomy":"product_cat","embeddable":true,"href":"https:\/\/www.nexoit.com.uy\/web\/wp-json\/wp\/v2\/product_cat?post=275"},{"taxonomy":"product_tag","embeddable":true,"href":"https:\/\/www.nexoit.com.uy\/web\/wp-json\/wp\/v2\/product_tag?post=275"}],"curies":[{"name":"wp","href":"https:\/\/api.w.org\/{rel}","templated":true}]}}