{"id":92,"date":"2015-04-08T18:42:14","date_gmt":"2015-04-08T21:42:14","guid":{"rendered":"http:\/\/nexoit.com.uy\/web\/?page_id=92"},"modified":"2017-12-05T15:41:57","modified_gmt":"2017-12-05T18:41:57","slug":"gestion-documental","status":"publish","type":"page","link":"https:\/\/www.nexoit.com.uy\/web\/gestion-documental\/","title":{"rendered":"Gesti\u00f3n documental"},"content":{"rendered":"<p align=\"justify\">En <strong>Nexo IT<\/strong> contamos con un software de gesti\u00f3n documental. Esto es una aplicaci\u00f3n inform\u00e1tica que permite el manejo, gesti\u00f3n, conservaci\u00f3n, publicaci\u00f3n y trabajo sobre documentos electr\u00f3nicos.<\/p>\n<p align=\"justify\">Estos sistemas tienden a mejorar aspectos de la gesti\u00f3n de contenidos empresariales (ECM) tales como la captura, las b\u00fasquedas y la gesti\u00f3n.<\/p>\n<p><strong>Ventajas que aporta la Gesti\u00f3n Documental:<\/strong><\/p>\n<p align=\"justify\">&#8211; Reducci\u00f3n a 0 del tiempo en entrada manual de metadatos: Extraer informaci\u00f3n del contenido del documento y utilizarla para identificar, describir y distinguir un documento ocupa el tiempo de los trabajadores cuando podr\u00eda hacerse de forma autom\u00e1tica.<br \/>\n&#8211; Reducci\u00f3n a 0 del tiempo dedicado a la clasificaci\u00f3n de documentos: Identificar el tipo de activo digital que estamos manejando y guardarlo en su respectiva ubicaci\u00f3n, no tiene que ser una tarea realizada por personas.<br \/>\n&#8211; Hacer llegar la informaci\u00f3n a qui\u00e9n la necesita: Ya sea dirigiendo documentos a trav\u00e9s de un flujo de trabajo o env\u00edando informaci\u00f3n extra\u00edda de documentos a sistemas externos como SAP u ERP.<br \/>\n&#8211; Eliminar p\u00e9rdidas de tiempo en b\u00fasquedas: Conseguir que un software busque documentos y contenidos de las misma manera en que lo har\u00eda un humano, gracias a la sem\u00e1ntica, significa b\u00fasquedas m\u00e1s precisas y por lo tanto, menos tiempo desperdiciado.<\/p>\n","protected":false},"excerpt":{"rendered":"<p>En Nexo IT contamos con un software de gesti\u00f3n documental. Esto es una aplicaci\u00f3n inform\u00e1tica que permite el manejo, gesti\u00f3n, conservaci\u00f3n, publicaci\u00f3n y trabajo sobre documentos electr\u00f3nicos. Estos sistemas tienden a mejorar aspectos de la gesti\u00f3n de contenidos empresariales (ECM) tales como la captura, las b\u00fasquedas y la gesti\u00f3n. Ventajas que aporta la Gesti\u00f3n Documental: [&hellip;]<\/p>\n","protected":false},"author":8,"featured_media":0,"parent":0,"menu_order":0,"comment_status":"closed","ping_status":"closed","template":"","meta":[],"yoast_head":"<!-- This site is optimized with the Yoast SEO plugin v20.10 - https:\/\/yoast.com\/wordpress\/plugins\/seo\/ -->\n<title>Gesti\u00f3n documental - NEXO IT<\/title>\n<meta name=\"description\" content=\"Nuestro software de gesti\u00f3n documental permite el manejo, gesti\u00f3n, conservaci\u00f3n, publicaci\u00f3n y trabajo sobre documentos electr\u00f3nicos.\" \/>\n<meta name=\"robots\" content=\"index, follow, max-snippet:-1, max-image-preview:large, max-video-preview:-1\" \/>\n<link rel=\"canonical\" href=\"https:\/\/www.nexoit.com.uy\/web\/gestion-documental\/\" \/>\n<meta property=\"og:locale\" content=\"es_ES\" \/>\n<meta property=\"og:type\" content=\"article\" \/>\n<meta property=\"og:title\" content=\"Gesti\u00f3n documental - NEXO IT\" \/>\n<meta property=\"og:description\" content=\"Nuestro software de gesti\u00f3n documental permite el manejo, gesti\u00f3n, conservaci\u00f3n, publicaci\u00f3n y trabajo sobre documentos electr\u00f3nicos.\" \/>\n<meta property=\"og:url\" content=\"https:\/\/www.nexoit.com.uy\/web\/gestion-documental\/\" \/>\n<meta property=\"og:site_name\" content=\"NEXO IT\" \/>\n<meta property=\"article:modified_time\" content=\"2017-12-05T18:41:57+00:00\" \/>\n<meta name=\"twitter:label1\" content=\"Tiempo de lectura\" \/>\n\t<meta name=\"twitter:data1\" content=\"1 minuto\" \/>\n<script type=\"application\/ld+json\" class=\"yoast-schema-graph\">{\"@context\":\"https:\/\/schema.org\",\"@graph\":[{\"@type\":\"WebPage\",\"@id\":\"https:\/\/www.nexoit.com.uy\/web\/gestion-documental\/\",\"url\":\"https:\/\/www.nexoit.com.uy\/web\/gestion-documental\/\",\"name\":\"Gesti\u00f3n documental - NEXO IT\",\"isPartOf\":{\"@id\":\"https:\/\/www.nexoit.com.uy\/web\/#website\"},\"datePublished\":\"2015-04-08T21:42:14+00:00\",\"dateModified\":\"2017-12-05T18:41:57+00:00\",\"description\":\"Nuestro software de gesti\u00f3n documental permite el manejo, gesti\u00f3n, conservaci\u00f3n, publicaci\u00f3n y trabajo sobre documentos electr\u00f3nicos.\",\"breadcrumb\":{\"@id\":\"https:\/\/www.nexoit.com.uy\/web\/gestion-documental\/#breadcrumb\"},\"inLanguage\":\"es\",\"potentialAction\":[{\"@type\":\"ReadAction\",\"target\":[\"https:\/\/www.nexoit.com.uy\/web\/gestion-documental\/\"]}]},{\"@type\":\"BreadcrumbList\",\"@id\":\"https:\/\/www.nexoit.com.uy\/web\/gestion-documental\/#breadcrumb\",\"itemListElement\":[{\"@type\":\"ListItem\",\"position\":1,\"name\":\"Portada\",\"item\":\"https:\/\/www.nexoit.com.uy\/web\/\"},{\"@type\":\"ListItem\",\"position\":2,\"name\":\"Gesti\u00f3n documental\"}]},{\"@type\":\"WebSite\",\"@id\":\"https:\/\/www.nexoit.com.uy\/web\/#website\",\"url\":\"https:\/\/www.nexoit.com.uy\/web\/\",\"name\":\"NEXO IT\",\"description\":\"Expertos en gesti\u00f3n documental\",\"potentialAction\":[{\"@type\":\"SearchAction\",\"target\":{\"@type\":\"EntryPoint\",\"urlTemplate\":\"https:\/\/www.nexoit.com.uy\/web\/?s={search_term_string}\"},\"query-input\":\"required name=search_term_string\"}],\"inLanguage\":\"es\"}]}<\/script>\n<!-- \/ Yoast SEO plugin. -->","yoast_head_json":{"title":"Gesti\u00f3n documental - NEXO IT","description":"Nuestro software de gesti\u00f3n documental permite el manejo, gesti\u00f3n, conservaci\u00f3n, publicaci\u00f3n y trabajo sobre documentos electr\u00f3nicos.","robots":{"index":"index","follow":"follow","max-snippet":"max-snippet:-1","max-image-preview":"max-image-preview:large","max-video-preview":"max-video-preview:-1"},"canonical":"https:\/\/www.nexoit.com.uy\/web\/gestion-documental\/","og_locale":"es_ES","og_type":"article","og_title":"Gesti\u00f3n documental - NEXO IT","og_description":"Nuestro software de gesti\u00f3n documental permite el manejo, gesti\u00f3n, conservaci\u00f3n, publicaci\u00f3n y trabajo sobre documentos electr\u00f3nicos.","og_url":"https:\/\/www.nexoit.com.uy\/web\/gestion-documental\/","og_site_name":"NEXO IT","article_modified_time":"2017-12-05T18:41:57+00:00","twitter_misc":{"Tiempo de lectura":"1 minuto"},"schema":{"@context":"https:\/\/schema.org","@graph":[{"@type":"WebPage","@id":"https:\/\/www.nexoit.com.uy\/web\/gestion-documental\/","url":"https:\/\/www.nexoit.com.uy\/web\/gestion-documental\/","name":"Gesti\u00f3n documental - NEXO IT","isPartOf":{"@id":"https:\/\/www.nexoit.com.uy\/web\/#website"},"datePublished":"2015-04-08T21:42:14+00:00","dateModified":"2017-12-05T18:41:57+00:00","description":"Nuestro software de gesti\u00f3n documental permite el manejo, gesti\u00f3n, conservaci\u00f3n, publicaci\u00f3n y trabajo sobre documentos electr\u00f3nicos.","breadcrumb":{"@id":"https:\/\/www.nexoit.com.uy\/web\/gestion-documental\/#breadcrumb"},"inLanguage":"es","potentialAction":[{"@type":"ReadAction","target":["https:\/\/www.nexoit.com.uy\/web\/gestion-documental\/"]}]},{"@type":"BreadcrumbList","@id":"https:\/\/www.nexoit.com.uy\/web\/gestion-documental\/#breadcrumb","itemListElement":[{"@type":"ListItem","position":1,"name":"Portada","item":"https:\/\/www.nexoit.com.uy\/web\/"},{"@type":"ListItem","position":2,"name":"Gesti\u00f3n documental"}]},{"@type":"WebSite","@id":"https:\/\/www.nexoit.com.uy\/web\/#website","url":"https:\/\/www.nexoit.com.uy\/web\/","name":"NEXO IT","description":"Expertos en gesti\u00f3n documental","potentialAction":[{"@type":"SearchAction","target":{"@type":"EntryPoint","urlTemplate":"https:\/\/www.nexoit.com.uy\/web\/?s={search_term_string}"},"query-input":"required name=search_term_string"}],"inLanguage":"es"}]}},"_links":{"self":[{"href":"https:\/\/www.nexoit.com.uy\/web\/wp-json\/wp\/v2\/pages\/92"}],"collection":[{"href":"https:\/\/www.nexoit.com.uy\/web\/wp-json\/wp\/v2\/pages"}],"about":[{"href":"https:\/\/www.nexoit.com.uy\/web\/wp-json\/wp\/v2\/types\/page"}],"author":[{"embeddable":true,"href":"https:\/\/www.nexoit.com.uy\/web\/wp-json\/wp\/v2\/users\/8"}],"replies":[{"embeddable":true,"href":"https:\/\/www.nexoit.com.uy\/web\/wp-json\/wp\/v2\/comments?post=92"}],"version-history":[{"count":8,"href":"https:\/\/www.nexoit.com.uy\/web\/wp-json\/wp\/v2\/pages\/92\/revisions"}],"predecessor-version":[{"id":702,"href":"https:\/\/www.nexoit.com.uy\/web\/wp-json\/wp\/v2\/pages\/92\/revisions\/702"}],"wp:attachment":[{"href":"https:\/\/www.nexoit.com.uy\/web\/wp-json\/wp\/v2\/media?parent=92"}],"curies":[{"name":"wp","href":"https:\/\/api.w.org\/{rel}","templated":true}]}}