{"id":455,"date":"2015-06-05T15:29:54","date_gmt":"2015-06-05T18:29:54","guid":{"rendered":"http:\/\/nexoit.com.uy\/web\/?page_id=455"},"modified":"2017-12-14T18:20:28","modified_gmt":"2017-12-14T21:20:28","slug":"scanner-avision","status":"publish","type":"page","link":"https:\/\/www.nexoit.com.uy\/web\/scanner-avision\/","title":{"rendered":"Productos AVISION"},"content":{"rendered":"<p>Fundada en abril de 1991 por un grupo de ingenieros con una fuerte experiencia en ingenier\u00eda, dise\u00f1os Avision, fabrica y comercializa una gama completa de scanners de alto rendimiento y productos multifunci\u00f3n. A trav\u00e9s del desarrollo de productos innovadores, alianzas estrat\u00e9gicas y modelos de negocios exitosos, Avision se ha convertido en un proveedor l\u00edder en la industria del scanner.<\/p>\n<p>Para garantizar la calidad de los productos de clase mundial y la fiabilidad, Avision alcanz\u00f3 la certificaci\u00f3n ISO-9001 en 1993, la certificaci\u00f3n ISO-14001 a principios de 2002 e ISO13485. La implementaci\u00f3n de la norma ISO-9001 ayuda significativamente cada calidad de construcci\u00f3n empleado en todos los aspectos de la operaci\u00f3n de la empresa.<\/p>\n<p>Para satisfacer la fuerte demanda del mercado, Avision ha ampliado su capacidad de escaneado para 300.000 unidades cada mes y tambi\u00e9n extendi\u00f3 sus f\u00e1bricas en el extranjero. Como una empresa de renombre ha comprometido a proporcionar completa satisfacci\u00f3n del cliente, Avision seguir\u00e1 ofreciendo alto rendimiento y productos innovadores para sus clientes en todo el mundo.<\/p>\n<p><strong>Conozca los\u00a0Esc\u00e1ners AVISION:<\/strong><\/p>\n<p><a title=\"escaneres-avision-personales\" href=\"http:\/\/nexoit.com.uy\/web\/categoria-producto\/escaneres-avision\/escaneres-personal\/\"><strong><em>Esc\u00e1neres Avision Personales.<\/em><\/strong><\/a><br \/>\n<a title=\"escaneres-departamentales-avision\" href=\"http:\/\/nexoit.com.uy\/web\/categoria-producto\/escaneres-avision\/escaneres-avision-departamentales\/\"><em><strong>Esc\u00e1neres Avision Departamentales.<\/strong><\/em><\/a><br \/>\n<a title=\"escaneres-produccionyred-avision\" href=\"http:\/\/nexoit.com.uy\/web\/categoria-producto\/escaneres-avision\/escaneres-avision-de-produccion-y-red\/\"><strong><em>Esc\u00e1neres Avision de Producci\u00f3n y de Red.<\/em><\/strong><\/a><\/p>\n<p>&nbsp;<\/p>\n","protected":false},"excerpt":{"rendered":"<p>Fundada en abril de 1991 por un grupo de ingenieros con una fuerte experiencia en ingenier\u00eda, dise\u00f1os Avision, fabrica y comercializa una gama completa de scanners de alto rendimiento y productos multifunci\u00f3n. A trav\u00e9s del desarrollo de productos innovadores, alianzas estrat\u00e9gicas y modelos de negocios exitosos, Avision se ha convertido en un proveedor l\u00edder en [&hellip;]<\/p>\n","protected":false},"author":2,"featured_media":0,"parent":0,"menu_order":0,"comment_status":"closed","ping_status":"closed","template":"","meta":[],"yoast_head":"<!-- This site is optimized with the Yoast SEO plugin v20.10 - https:\/\/yoast.com\/wordpress\/plugins\/seo\/ -->\n<title>Productos AVISION - NEXO IT<\/title>\n<meta name=\"description\" content=\"\u00a0Avision, fabrica y comercializa una gama completa de scanners de alto rendimiento y productos multifunci\u00f3n.\" \/>\n<meta name=\"robots\" content=\"index, follow, max-snippet:-1, max-image-preview:large, max-video-preview:-1\" \/>\n<link rel=\"canonical\" href=\"https:\/\/www.nexoit.com.uy\/web\/scanner-avision\/\" \/>\n<meta property=\"og:locale\" content=\"es_ES\" \/>\n<meta property=\"og:type\" content=\"article\" \/>\n<meta property=\"og:title\" content=\"Productos AVISION - NEXO IT\" \/>\n<meta property=\"og:description\" content=\"\u00a0Avision, fabrica y comercializa una gama completa de scanners de alto rendimiento y productos multifunci\u00f3n.\" \/>\n<meta property=\"og:url\" content=\"https:\/\/www.nexoit.com.uy\/web\/scanner-avision\/\" \/>\n<meta property=\"og:site_name\" content=\"NEXO IT\" \/>\n<meta property=\"article:modified_time\" content=\"2017-12-14T21:20:28+00:00\" \/>\n<meta name=\"twitter:label1\" content=\"Tiempo de lectura\" \/>\n\t<meta name=\"twitter:data1\" content=\"1 minuto\" \/>\n<script type=\"application\/ld+json\" class=\"yoast-schema-graph\">{\"@context\":\"https:\/\/schema.org\",\"@graph\":[{\"@type\":\"WebPage\",\"@id\":\"https:\/\/www.nexoit.com.uy\/web\/scanner-avision\/\",\"url\":\"https:\/\/www.nexoit.com.uy\/web\/scanner-avision\/\",\"name\":\"Productos AVISION - NEXO IT\",\"isPartOf\":{\"@id\":\"https:\/\/www.nexoit.com.uy\/web\/#website\"},\"datePublished\":\"2015-06-05T18:29:54+00:00\",\"dateModified\":\"2017-12-14T21:20:28+00:00\",\"description\":\"\u00a0Avision, fabrica y comercializa una gama completa de scanners de alto rendimiento y productos multifunci\u00f3n.\",\"breadcrumb\":{\"@id\":\"https:\/\/www.nexoit.com.uy\/web\/scanner-avision\/#breadcrumb\"},\"inLanguage\":\"es\",\"potentialAction\":[{\"@type\":\"ReadAction\",\"target\":[\"https:\/\/www.nexoit.com.uy\/web\/scanner-avision\/\"]}]},{\"@type\":\"BreadcrumbList\",\"@id\":\"https:\/\/www.nexoit.com.uy\/web\/scanner-avision\/#breadcrumb\",\"itemListElement\":[{\"@type\":\"ListItem\",\"position\":1,\"name\":\"Portada\",\"item\":\"https:\/\/www.nexoit.com.uy\/web\/\"},{\"@type\":\"ListItem\",\"position\":2,\"name\":\"Productos AVISION\"}]},{\"@type\":\"WebSite\",\"@id\":\"https:\/\/www.nexoit.com.uy\/web\/#website\",\"url\":\"https:\/\/www.nexoit.com.uy\/web\/\",\"name\":\"NEXO IT\",\"description\":\"Expertos en gesti\u00f3n documental\",\"potentialAction\":[{\"@type\":\"SearchAction\",\"target\":{\"@type\":\"EntryPoint\",\"urlTemplate\":\"https:\/\/www.nexoit.com.uy\/web\/?s={search_term_string}\"},\"query-input\":\"required name=search_term_string\"}],\"inLanguage\":\"es\"}]}<\/script>\n<!-- \/ Yoast SEO plugin. -->","yoast_head_json":{"title":"Productos AVISION - NEXO IT","description":"\u00a0Avision, fabrica y comercializa una gama completa de scanners de alto rendimiento y productos multifunci\u00f3n.","robots":{"index":"index","follow":"follow","max-snippet":"max-snippet:-1","max-image-preview":"max-image-preview:large","max-video-preview":"max-video-preview:-1"},"canonical":"https:\/\/www.nexoit.com.uy\/web\/scanner-avision\/","og_locale":"es_ES","og_type":"article","og_title":"Productos AVISION - NEXO IT","og_description":"\u00a0Avision, fabrica y comercializa una gama completa de scanners de alto rendimiento y productos multifunci\u00f3n.","og_url":"https:\/\/www.nexoit.com.uy\/web\/scanner-avision\/","og_site_name":"NEXO IT","article_modified_time":"2017-12-14T21:20:28+00:00","twitter_misc":{"Tiempo de lectura":"1 minuto"},"schema":{"@context":"https:\/\/schema.org","@graph":[{"@type":"WebPage","@id":"https:\/\/www.nexoit.com.uy\/web\/scanner-avision\/","url":"https:\/\/www.nexoit.com.uy\/web\/scanner-avision\/","name":"Productos AVISION - NEXO IT","isPartOf":{"@id":"https:\/\/www.nexoit.com.uy\/web\/#website"},"datePublished":"2015-06-05T18:29:54+00:00","dateModified":"2017-12-14T21:20:28+00:00","description":"\u00a0Avision, fabrica y comercializa una gama completa de scanners de alto rendimiento y productos multifunci\u00f3n.","breadcrumb":{"@id":"https:\/\/www.nexoit.com.uy\/web\/scanner-avision\/#breadcrumb"},"inLanguage":"es","potentialAction":[{"@type":"ReadAction","target":["https:\/\/www.nexoit.com.uy\/web\/scanner-avision\/"]}]},{"@type":"BreadcrumbList","@id":"https:\/\/www.nexoit.com.uy\/web\/scanner-avision\/#breadcrumb","itemListElement":[{"@type":"ListItem","position":1,"name":"Portada","item":"https:\/\/www.nexoit.com.uy\/web\/"},{"@type":"ListItem","position":2,"name":"Productos AVISION"}]},{"@type":"WebSite","@id":"https:\/\/www.nexoit.com.uy\/web\/#website","url":"https:\/\/www.nexoit.com.uy\/web\/","name":"NEXO IT","description":"Expertos en gesti\u00f3n documental","potentialAction":[{"@type":"SearchAction","target":{"@type":"EntryPoint","urlTemplate":"https:\/\/www.nexoit.com.uy\/web\/?s={search_term_string}"},"query-input":"required name=search_term_string"}],"inLanguage":"es"}]}},"_links":{"self":[{"href":"https:\/\/www.nexoit.com.uy\/web\/wp-json\/wp\/v2\/pages\/455"}],"collection":[{"href":"https:\/\/www.nexoit.com.uy\/web\/wp-json\/wp\/v2\/pages"}],"about":[{"href":"https:\/\/www.nexoit.com.uy\/web\/wp-json\/wp\/v2\/types\/page"}],"author":[{"embeddable":true,"href":"https:\/\/www.nexoit.com.uy\/web\/wp-json\/wp\/v2\/users\/2"}],"replies":[{"embeddable":true,"href":"https:\/\/www.nexoit.com.uy\/web\/wp-json\/wp\/v2\/comments?post=455"}],"version-history":[{"count":11,"href":"https:\/\/www.nexoit.com.uy\/web\/wp-json\/wp\/v2\/pages\/455\/revisions"}],"predecessor-version":[{"id":715,"href":"https:\/\/www.nexoit.com.uy\/web\/wp-json\/wp\/v2\/pages\/455\/revisions\/715"}],"wp:attachment":[{"href":"https:\/\/www.nexoit.com.uy\/web\/wp-json\/wp\/v2\/media?parent=455"}],"curies":[{"name":"wp","href":"https:\/\/api.w.org\/{rel}","templated":true}]}}