{"id":1783,"date":"2022-11-16T13:37:36","date_gmt":"2022-11-16T16:37:36","guid":{"rendered":"https:\/\/www.nexoit.com.uy\/web\/?page_id=1783"},"modified":"2022-11-16T16:18:32","modified_gmt":"2022-11-16T19:18:32","slug":"onbase-y-educacion-superior","status":"publish","type":"page","link":"https:\/\/www.nexoit.com.uy\/web\/onbase-y-educacion-superior\/","title":{"rendered":"Invitaci\u00f3n a Webinar &#8220;La gesti\u00f3n de contenidos y su impacto en la evoluci\u00f3n digital en Educaci\u00f3n Superior&#8221; (Mi\u00e9rcoles 23 de Noviembre)"},"content":{"rendered":"<p><img decoding=\"async\" loading=\"lazy\" class=\"alignnone size-full wp-image-1792\" src=\"https:\/\/www.nexoit.com.uy\/web\/wp-content\/uploads\/2022\/11\/960px-Harvard_college_-_annenberg_hall.jpg\" alt=\"960px-Harvard_college_-_annenberg_hall\" width=\"960\" height=\"720\" srcset=\"https:\/\/www.nexoit.com.uy\/web\/wp-content\/uploads\/2022\/11\/960px-Harvard_college_-_annenberg_hall.jpg 960w, https:\/\/www.nexoit.com.uy\/web\/wp-content\/uploads\/2022\/11\/960px-Harvard_college_-_annenberg_hall-150x113.jpg 150w, https:\/\/www.nexoit.com.uy\/web\/wp-content\/uploads\/2022\/11\/960px-Harvard_college_-_annenberg_hall-300x225.jpg 300w, https:\/\/www.nexoit.com.uy\/web\/wp-content\/uploads\/2022\/11\/960px-Harvard_college_-_annenberg_hall-239x179.jpg 239w, https:\/\/www.nexoit.com.uy\/web\/wp-content\/uploads\/2022\/11\/960px-Harvard_college_-_annenberg_hall-600x450.jpg 600w\" sizes=\"(max-width: 960px) 100vw, 960px\" \/><strong>INVITACION AL WEBINAR &#8211;\u00a0MIERCOLES, 23 DE NOVIEMBRE.<\/strong><\/p>\n<p><strong>&#8220;La gesti\u00f3n de contenidos y su impacto en la evoluci\u00f3n digital en Educaci\u00f3n Superior&#8221;\u00a0<\/strong><\/p>\n<p>Quiz\u00e1s la m\u00e1s importante lecci\u00f3n que la vida post pandemia ha dejado a la educaci\u00f3n es la importancia de estar siempre preparados para el inminente cambio. En efecto, tanto los modelos educativos como los campus universitarios se han movido hacia la digitalizaci\u00f3n y automatizaci\u00f3n de procesos en respuesta a las nuevas necesidades de sus estudiantes y oportunidades que la virtualidad ofrece: desde la internacionalizaci\u00f3n de los curr\u00edculos y el aprendizaje l\u00edquido, hasta las admisiones en l\u00ednea y la titulaci\u00f3n digital basada en <em>blockchain<\/em>, el futuro de la educaci\u00f3n superior es digital.<\/p>\n<p>En esta sesi\u00f3n hablaremos acerca del papel preponderante que tiene la plataforma de servicios de contenido dentro del ecosistema digital y de su impacto en t\u00e9rminos de interoperabilidad, optimizaci\u00f3n de sistemas <em>core<\/em> y escalabilidad necesarias para la evoluci\u00f3n digital que exige la educaci\u00f3n superior de hoy y del futuro.<\/p>\n<p><span style=\"text-decoration: underline;\"><strong>EXPONENTE:<\/strong><\/span><\/p>\n<p><img decoding=\"async\" loading=\"lazy\" class=\"alignnone size-full wp-image-1795\" src=\"https:\/\/www.nexoit.com.uy\/web\/wp-content\/uploads\/2022\/11\/Olga-Gualteros-photo.jpg\" alt=\"Olga Gualteros photo\" width=\"100\" height=\"200\" \/><\/p>\n<p><strong>Olga Gualteros<\/strong> ha trabajado en la industria educativa durante sus 27 a\u00f1os de experiencia profesional en cargos de liderazgo en Am\u00e9rica Latina para importantes programas y marcas educativas internacionales. Su inter\u00e9s en la evoluci\u00f3n de la educaci\u00f3n y su importancia dentro del desarrollo de las sociedades la llev\u00f3 inevitablemente a dedicarse en los \u00faltimos a\u00f1os a trabajar en el \u00e1mbito de la innovaci\u00f3n digital. En la actualidad, acompa\u00f1a procesos de Transformaci\u00f3n Digital de alto impacto en importantes universidades y agencias p\u00fablicas desde su trabajo como <strong>Customer Advisor para Am\u00e9rica Latina en Hyland.<\/strong><\/p>\n<p>Te invitamos a participar de este evento virtual.<\/p>\n<p>Entre los asistentes al webinar se estar\u00e1n sorteando <strong>5 paquetes de 100 firmas electr\u00f3nicas<\/strong> de <strong>Edatalia.<\/strong><\/p>\n<p><a title=\"Inscripci\u00f3n\" href=\"https:\/\/us06web.zoom.us\/webinar\/register\/WN_9tu0gr5gSxqPbY9H-Ubtvw\"><img decoding=\"async\" loading=\"lazy\" class=\"aligncenter size-full wp-image-1405\" src=\"https:\/\/www.nexoit.com.uy\/web\/wp-content\/uploads\/2020\/05\/Boton-Registro.jpg\" alt=\"Boton-Registro\" width=\"171\" height=\"51\" srcset=\"https:\/\/www.nexoit.com.uy\/web\/wp-content\/uploads\/2020\/05\/Boton-Registro.jpg 171w, https:\/\/www.nexoit.com.uy\/web\/wp-content\/uploads\/2020\/05\/Boton-Registro-150x45.jpg 150w\" sizes=\"(max-width: 171px) 100vw, 171px\" \/><\/a><\/p>\n<pre><span style=\"text-decoration: underline; color: #008080;\"><strong>FECHA:<\/strong><\/span>\r\n<span style=\"color: #008080;\">Mi\u00e9rcoles, 23 de Noviembre<\/span><\/pre>\n<pre style=\"text-align: left;\"><span style=\"color: #008080;\"><span style=\"text-decoration: underline;\"><strong>HORA:<\/strong><\/span>\r\n08.00 Hs. M\u00e9xico (CDMX)\r\n09.00 Hs. Per\u00fa.\r\n10.00 Hs. Bolivia \/ Rep\u00fablica Dominicana \/ Venezuela.\r\n11.00 Hs. Argentina \/ Chile \/ Paraguay \/ Uruguay.<\/span><\/pre>\n<p style=\"text-align: left;\">Esperamos contar con su asistencia.<\/p>\n<p>Equipo de Nexo IT,\u00a0 OnBase y Edatalia.<\/p>\n<p><img decoding=\"async\" loading=\"lazy\" class=\"aligncenter size-full wp-image-1705\" src=\"https:\/\/www.nexoit.com.uy\/web\/wp-content\/uploads\/2021\/10\/logo-fujitsu-nexoit-edatalia.png\" alt=\"logo-fujitsu-nexoit-edatalia\" width=\"1262\" height=\"214\" srcset=\"https:\/\/www.nexoit.com.uy\/web\/wp-content\/uploads\/2021\/10\/logo-fujitsu-nexoit-edatalia.png 1262w, https:\/\/www.nexoit.com.uy\/web\/wp-content\/uploads\/2021\/10\/logo-fujitsu-nexoit-edatalia-150x25.png 150w, https:\/\/www.nexoit.com.uy\/web\/wp-content\/uploads\/2021\/10\/logo-fujitsu-nexoit-edatalia-300x51.png 300w, https:\/\/www.nexoit.com.uy\/web\/wp-content\/uploads\/2021\/10\/logo-fujitsu-nexoit-edatalia-1024x174.png 1024w, https:\/\/www.nexoit.com.uy\/web\/wp-content\/uploads\/2021\/10\/logo-fujitsu-nexoit-edatalia-239x41.png 239w, https:\/\/www.nexoit.com.uy\/web\/wp-content\/uploads\/2021\/10\/logo-fujitsu-nexoit-edatalia-600x102.png 600w\" sizes=\"(max-width: 1262px) 100vw, 1262px\" \/><\/p>\n","protected":false},"excerpt":{"rendered":"<p>INVITACION AL WEBINAR &#8211;\u00a0MIERCOLES, 23 DE NOVIEMBRE. &#8220;La gesti\u00f3n de contenidos y su impacto en la evoluci\u00f3n digital en Educaci\u00f3n Superior&#8221;\u00a0 Quiz\u00e1s la m\u00e1s importante lecci\u00f3n que la vida post pandemia ha dejado a la educaci\u00f3n es la importancia de estar siempre preparados para el inminente cambio. En efecto, tanto los modelos educativos como los [&hellip;]<\/p>\n","protected":false},"author":3,"featured_media":0,"parent":0,"menu_order":0,"comment_status":"closed","ping_status":"closed","template":"","meta":[],"yoast_head":"<!-- This site is optimized with the Yoast SEO plugin v20.10 - https:\/\/yoast.com\/wordpress\/plugins\/seo\/ -->\n<title>Invitaci\u00f3n a Webinar &quot;La gesti\u00f3n de contenidos y su impacto en la evoluci\u00f3n digital en Educaci\u00f3n Superior&quot; (Mi\u00e9rcoles 23 de Noviembre) - NEXO IT<\/title>\n<meta name=\"robots\" content=\"index, follow, max-snippet:-1, max-image-preview:large, max-video-preview:-1\" \/>\n<link rel=\"canonical\" href=\"https:\/\/www.nexoit.com.uy\/web\/onbase-y-educacion-superior\/\" \/>\n<meta property=\"og:locale\" content=\"es_ES\" \/>\n<meta property=\"og:type\" content=\"article\" \/>\n<meta property=\"og:title\" content=\"Invitaci\u00f3n a Webinar &quot;La gesti\u00f3n de contenidos y su impacto en la evoluci\u00f3n digital en Educaci\u00f3n Superior&quot; (Mi\u00e9rcoles 23 de Noviembre) - NEXO IT\" \/>\n<meta property=\"og:description\" content=\"INVITACION AL WEBINAR &#8211;\u00a0MIERCOLES, 23 DE NOVIEMBRE. &#8220;La gesti\u00f3n de contenidos y su impacto en la evoluci\u00f3n digital en Educaci\u00f3n Superior&#8221;\u00a0 Quiz\u00e1s la m\u00e1s importante lecci\u00f3n que la vida post pandemia ha dejado a la educaci\u00f3n es la importancia de estar siempre preparados para el inminente cambio. En efecto, tanto los modelos educativos como los [&hellip;]\" \/>\n<meta property=\"og:url\" content=\"https:\/\/www.nexoit.com.uy\/web\/onbase-y-educacion-superior\/\" \/>\n<meta property=\"og:site_name\" content=\"NEXO IT\" \/>\n<meta property=\"article:modified_time\" content=\"2022-11-16T19:18:32+00:00\" \/>\n<meta property=\"og:image\" content=\"https:\/\/www.nexoit.com.uy\/web\/wp-content\/uploads\/2022\/11\/960px-Harvard_college_-_annenberg_hall.jpg\" \/>\n<meta name=\"twitter:label1\" content=\"Tiempo de lectura\" \/>\n\t<meta name=\"twitter:data1\" content=\"2 minutos\" \/>\n<script type=\"application\/ld+json\" class=\"yoast-schema-graph\">{\"@context\":\"https:\/\/schema.org\",\"@graph\":[{\"@type\":\"WebPage\",\"@id\":\"https:\/\/www.nexoit.com.uy\/web\/onbase-y-educacion-superior\/\",\"url\":\"https:\/\/www.nexoit.com.uy\/web\/onbase-y-educacion-superior\/\",\"name\":\"Invitaci\u00f3n a Webinar \\\"La gesti\u00f3n de contenidos y su impacto en la evoluci\u00f3n digital en Educaci\u00f3n Superior\\\" (Mi\u00e9rcoles 23 de Noviembre) - NEXO IT\",\"isPartOf\":{\"@id\":\"https:\/\/www.nexoit.com.uy\/web\/#website\"},\"datePublished\":\"2022-11-16T16:37:36+00:00\",\"dateModified\":\"2022-11-16T19:18:32+00:00\",\"breadcrumb\":{\"@id\":\"https:\/\/www.nexoit.com.uy\/web\/onbase-y-educacion-superior\/#breadcrumb\"},\"inLanguage\":\"es\",\"potentialAction\":[{\"@type\":\"ReadAction\",\"target\":[\"https:\/\/www.nexoit.com.uy\/web\/onbase-y-educacion-superior\/\"]}]},{\"@type\":\"BreadcrumbList\",\"@id\":\"https:\/\/www.nexoit.com.uy\/web\/onbase-y-educacion-superior\/#breadcrumb\",\"itemListElement\":[{\"@type\":\"ListItem\",\"position\":1,\"name\":\"Portada\",\"item\":\"https:\/\/www.nexoit.com.uy\/web\/\"},{\"@type\":\"ListItem\",\"position\":2,\"name\":\"Invitaci\u00f3n a Webinar &#8220;La gesti\u00f3n de contenidos y su impacto en la evoluci\u00f3n digital en Educaci\u00f3n Superior&#8221; (Mi\u00e9rcoles 23 de Noviembre)\"}]},{\"@type\":\"WebSite\",\"@id\":\"https:\/\/www.nexoit.com.uy\/web\/#website\",\"url\":\"https:\/\/www.nexoit.com.uy\/web\/\",\"name\":\"NEXO IT\",\"description\":\"Expertos en gesti\u00f3n documental\",\"potentialAction\":[{\"@type\":\"SearchAction\",\"target\":{\"@type\":\"EntryPoint\",\"urlTemplate\":\"https:\/\/www.nexoit.com.uy\/web\/?s={search_term_string}\"},\"query-input\":\"required name=search_term_string\"}],\"inLanguage\":\"es\"}]}<\/script>\n<!-- \/ Yoast SEO plugin. -->","yoast_head_json":{"title":"Invitaci\u00f3n a Webinar \"La gesti\u00f3n de contenidos y su impacto en la evoluci\u00f3n digital en Educaci\u00f3n Superior\" (Mi\u00e9rcoles 23 de Noviembre) - NEXO IT","robots":{"index":"index","follow":"follow","max-snippet":"max-snippet:-1","max-image-preview":"max-image-preview:large","max-video-preview":"max-video-preview:-1"},"canonical":"https:\/\/www.nexoit.com.uy\/web\/onbase-y-educacion-superior\/","og_locale":"es_ES","og_type":"article","og_title":"Invitaci\u00f3n a Webinar \"La gesti\u00f3n de contenidos y su impacto en la evoluci\u00f3n digital en Educaci\u00f3n Superior\" (Mi\u00e9rcoles 23 de Noviembre) - NEXO IT","og_description":"INVITACION AL WEBINAR &#8211;\u00a0MIERCOLES, 23 DE NOVIEMBRE. &#8220;La gesti\u00f3n de contenidos y su impacto en la evoluci\u00f3n digital en Educaci\u00f3n Superior&#8221;\u00a0 Quiz\u00e1s la m\u00e1s importante lecci\u00f3n que la vida post pandemia ha dejado a la educaci\u00f3n es la importancia de estar siempre preparados para el inminente cambio. En efecto, tanto los modelos educativos como los [&hellip;]","og_url":"https:\/\/www.nexoit.com.uy\/web\/onbase-y-educacion-superior\/","og_site_name":"NEXO IT","article_modified_time":"2022-11-16T19:18:32+00:00","og_image":[{"url":"https:\/\/www.nexoit.com.uy\/web\/wp-content\/uploads\/2022\/11\/960px-Harvard_college_-_annenberg_hall.jpg"}],"twitter_misc":{"Tiempo de lectura":"2 minutos"},"schema":{"@context":"https:\/\/schema.org","@graph":[{"@type":"WebPage","@id":"https:\/\/www.nexoit.com.uy\/web\/onbase-y-educacion-superior\/","url":"https:\/\/www.nexoit.com.uy\/web\/onbase-y-educacion-superior\/","name":"Invitaci\u00f3n a Webinar \"La gesti\u00f3n de contenidos y su impacto en la evoluci\u00f3n digital en Educaci\u00f3n Superior\" (Mi\u00e9rcoles 23 de Noviembre) - NEXO IT","isPartOf":{"@id":"https:\/\/www.nexoit.com.uy\/web\/#website"},"datePublished":"2022-11-16T16:37:36+00:00","dateModified":"2022-11-16T19:18:32+00:00","breadcrumb":{"@id":"https:\/\/www.nexoit.com.uy\/web\/onbase-y-educacion-superior\/#breadcrumb"},"inLanguage":"es","potentialAction":[{"@type":"ReadAction","target":["https:\/\/www.nexoit.com.uy\/web\/onbase-y-educacion-superior\/"]}]},{"@type":"BreadcrumbList","@id":"https:\/\/www.nexoit.com.uy\/web\/onbase-y-educacion-superior\/#breadcrumb","itemListElement":[{"@type":"ListItem","position":1,"name":"Portada","item":"https:\/\/www.nexoit.com.uy\/web\/"},{"@type":"ListItem","position":2,"name":"Invitaci\u00f3n a Webinar &#8220;La gesti\u00f3n de contenidos y su impacto en la evoluci\u00f3n digital en Educaci\u00f3n Superior&#8221; (Mi\u00e9rcoles 23 de Noviembre)"}]},{"@type":"WebSite","@id":"https:\/\/www.nexoit.com.uy\/web\/#website","url":"https:\/\/www.nexoit.com.uy\/web\/","name":"NEXO IT","description":"Expertos en gesti\u00f3n documental","potentialAction":[{"@type":"SearchAction","target":{"@type":"EntryPoint","urlTemplate":"https:\/\/www.nexoit.com.uy\/web\/?s={search_term_string}"},"query-input":"required name=search_term_string"}],"inLanguage":"es"}]}},"_links":{"self":[{"href":"https:\/\/www.nexoit.com.uy\/web\/wp-json\/wp\/v2\/pages\/1783"}],"collection":[{"href":"https:\/\/www.nexoit.com.uy\/web\/wp-json\/wp\/v2\/pages"}],"about":[{"href":"https:\/\/www.nexoit.com.uy\/web\/wp-json\/wp\/v2\/types\/page"}],"author":[{"embeddable":true,"href":"https:\/\/www.nexoit.com.uy\/web\/wp-json\/wp\/v2\/users\/3"}],"replies":[{"embeddable":true,"href":"https:\/\/www.nexoit.com.uy\/web\/wp-json\/wp\/v2\/comments?post=1783"}],"version-history":[{"count":14,"href":"https:\/\/www.nexoit.com.uy\/web\/wp-json\/wp\/v2\/pages\/1783\/revisions"}],"predecessor-version":[{"id":1800,"href":"https:\/\/www.nexoit.com.uy\/web\/wp-json\/wp\/v2\/pages\/1783\/revisions\/1800"}],"wp:attachment":[{"href":"https:\/\/www.nexoit.com.uy\/web\/wp-json\/wp\/v2\/media?parent=1783"}],"curies":[{"name":"wp","href":"https:\/\/api.w.org\/{rel}","templated":true}]}}