{"id":1734,"date":"2021-11-24T14:25:25","date_gmt":"2021-11-24T17:25:25","guid":{"rendered":"https:\/\/www.nexoit.com.uy\/web\/?page_id=1734"},"modified":"2021-11-24T15:13:41","modified_gmt":"2021-11-24T18:13:41","slug":"invitacion-a-evento-gestion-de-contratos-para-banca-y-seguros-jueves-2-de-diciembre","status":"publish","type":"page","link":"https:\/\/www.nexoit.com.uy\/web\/invitacion-a-evento-gestion-de-contratos-para-banca-y-seguros-jueves-2-de-diciembre\/","title":{"rendered":"Invitaci\u00f3n a Evento: Gesti\u00f3n de Contratos para Banca y Seguros (Jueves 2 de Diciembre)"},"content":{"rendered":"<p><img decoding=\"async\" loading=\"lazy\" class=\"alignnone size-full wp-image-1737\" src=\"https:\/\/www.nexoit.com.uy\/web\/wp-content\/uploads\/2021\/11\/Imagen-tablet.jpg\" alt=\"Imagen-tablet\" width=\"698\" height=\"470\" srcset=\"https:\/\/www.nexoit.com.uy\/web\/wp-content\/uploads\/2021\/11\/Imagen-tablet.jpg 698w, https:\/\/www.nexoit.com.uy\/web\/wp-content\/uploads\/2021\/11\/Imagen-tablet-150x101.jpg 150w, https:\/\/www.nexoit.com.uy\/web\/wp-content\/uploads\/2021\/11\/Imagen-tablet-300x202.jpg 300w, https:\/\/www.nexoit.com.uy\/web\/wp-content\/uploads\/2021\/11\/Imagen-tablet-239x161.jpg 239w, https:\/\/www.nexoit.com.uy\/web\/wp-content\/uploads\/2021\/11\/Imagen-tablet-600x404.jpg 600w\" sizes=\"(max-width: 698px) 100vw, 698px\" \/><\/p>\n<pre><span style=\"color: #008080;\"><strong>Gesti\u00f3n de Contratos en Banca y Seguros con Firma Digital<\/strong><\/span><\/pre>\n<p><strong>Agilice la gesti\u00f3n de contratos al optimizar cada paso del proceso.<\/strong><\/p>\n<p>Conozca la soluci\u00f3n <strong>OnBase<\/strong> para la gesti\u00f3n de contratos que proporciona un repositorio de almacenamiento centralizado, facilitando as\u00ed a los empleados un acceso inmediato a la informaci\u00f3n, siendo\u00a0importados desde otros sistemas o escaneados directamente.<\/p>\n<p>La soluci\u00f3n permite editar el contrato que se registra, lo cual le proporciona el historial de todos los cambios realizados, cu\u00e1ndo y qu\u00e9 usuario lo hizo.<\/p>\n<p>Conoce los esc\u00e1neres <strong>Fujitsu<\/strong> recomendados para esta gesti\u00f3n y como pueden estar integrados a la soluci\u00f3n.<\/p>\n<p>Adem\u00e1s, con <strong>Edatalia<\/strong> conoce como se puede\u00a0acelerar cualquier procedimiento en los que se requiera la firma digital de documentos financieros con validez jur\u00eddica. Desde aperturas de cuenta hasta solicitudes de cr\u00e9dito.<\/p>\n<p>La firma digital reconocida tendr\u00e1, respecto a los datos consignados en forma electr\u00f3nica, el mismo valor que la firma manuscrita en relaci\u00f3n a los consignados en papel.<\/p>\n<p>Te invitamos a participar de este evento virtual.<\/p>\n<p><a title=\"Inscripci\u00f3n\" href=\"https:\/\/us06web.zoom.us\/webinar\/register\/WN_zvKABZvEQeC_r0hNFFOrrg\"><img decoding=\"async\" loading=\"lazy\" class=\"aligncenter size-full wp-image-1405\" src=\"https:\/\/www.nexoit.com.uy\/web\/wp-content\/uploads\/2020\/05\/Boton-Registro.jpg\" alt=\"Boton-Registro\" width=\"171\" height=\"51\" srcset=\"https:\/\/www.nexoit.com.uy\/web\/wp-content\/uploads\/2020\/05\/Boton-Registro.jpg 171w, https:\/\/www.nexoit.com.uy\/web\/wp-content\/uploads\/2020\/05\/Boton-Registro-150x45.jpg 150w\" sizes=\"(max-width: 171px) 100vw, 171px\" \/><\/a><\/p>\n<pre><span style=\"text-decoration: underline; color: #008080;\"><strong>FECHA:<\/strong><\/span>\r\n<span style=\"color: #008080;\">Jueves, 2 de Diciembre<\/span><\/pre>\n<pre style=\"text-align: left;\"><span style=\"color: #008080;\"><span style=\"text-decoration: underline;\"><strong>HORA:<\/strong><\/span>\r\n09.00 Hs. M\u00e9xico \/ Per\u00fa\r\n10.00 Hs. Bolivia \/ Chile \/ Venezuela.\r\n11.00 Hs. Argentina \/ Paraguay \/ Uruguay.<\/span><\/pre>\n<p style=\"text-align: left;\">Esperamos contar con su asistencia.<\/p>\n<p>Equipo de Nexo IT,\u00a0 Fujitsu y Edatalia.<\/p>\n<p><img decoding=\"async\" loading=\"lazy\" class=\"aligncenter size-full wp-image-1705\" src=\"https:\/\/www.nexoit.com.uy\/web\/wp-content\/uploads\/2021\/10\/logo-fujitsu-nexoit-edatalia.png\" alt=\"logo-fujitsu-nexoit-edatalia\" width=\"1262\" height=\"214\" srcset=\"https:\/\/www.nexoit.com.uy\/web\/wp-content\/uploads\/2021\/10\/logo-fujitsu-nexoit-edatalia.png 1262w, https:\/\/www.nexoit.com.uy\/web\/wp-content\/uploads\/2021\/10\/logo-fujitsu-nexoit-edatalia-150x25.png 150w, https:\/\/www.nexoit.com.uy\/web\/wp-content\/uploads\/2021\/10\/logo-fujitsu-nexoit-edatalia-300x51.png 300w, https:\/\/www.nexoit.com.uy\/web\/wp-content\/uploads\/2021\/10\/logo-fujitsu-nexoit-edatalia-1024x174.png 1024w, https:\/\/www.nexoit.com.uy\/web\/wp-content\/uploads\/2021\/10\/logo-fujitsu-nexoit-edatalia-239x41.png 239w, https:\/\/www.nexoit.com.uy\/web\/wp-content\/uploads\/2021\/10\/logo-fujitsu-nexoit-edatalia-600x102.png 600w\" sizes=\"(max-width: 1262px) 100vw, 1262px\" \/><\/p>\n","protected":false},"excerpt":{"rendered":"<p>Gesti\u00f3n de Contratos en Banca y Seguros con Firma Digital Agilice la gesti\u00f3n de contratos al optimizar cada paso del proceso. Conozca la soluci\u00f3n OnBase para la gesti\u00f3n de contratos que proporciona un repositorio de almacenamiento centralizado, facilitando as\u00ed a los empleados un acceso inmediato a la informaci\u00f3n, siendo\u00a0importados desde otros sistemas o escaneados directamente. [&hellip;]<\/p>\n","protected":false},"author":3,"featured_media":0,"parent":0,"menu_order":0,"comment_status":"closed","ping_status":"closed","template":"","meta":[],"yoast_head":"<!-- This site is optimized with the Yoast SEO plugin v20.10 - https:\/\/yoast.com\/wordpress\/plugins\/seo\/ -->\n<title>Invitaci\u00f3n a Evento: Gesti\u00f3n de Contratos para Banca y Seguros (Jueves 2 de Diciembre) - NEXO IT<\/title>\n<meta name=\"robots\" content=\"index, follow, max-snippet:-1, max-image-preview:large, max-video-preview:-1\" \/>\n<link rel=\"canonical\" href=\"https:\/\/www.nexoit.com.uy\/web\/invitacion-a-evento-gestion-de-contratos-para-banca-y-seguros-jueves-2-de-diciembre\/\" \/>\n<meta property=\"og:locale\" content=\"es_ES\" \/>\n<meta property=\"og:type\" content=\"article\" \/>\n<meta property=\"og:title\" content=\"Invitaci\u00f3n a Evento: Gesti\u00f3n de Contratos para Banca y Seguros (Jueves 2 de Diciembre) - NEXO IT\" \/>\n<meta property=\"og:description\" content=\"Gesti\u00f3n de Contratos en Banca y Seguros con Firma Digital Agilice la gesti\u00f3n de contratos al optimizar cada paso del proceso. Conozca la soluci\u00f3n OnBase para la gesti\u00f3n de contratos que proporciona un repositorio de almacenamiento centralizado, facilitando as\u00ed a los empleados un acceso inmediato a la informaci\u00f3n, siendo\u00a0importados desde otros sistemas o escaneados directamente. [&hellip;]\" \/>\n<meta property=\"og:url\" content=\"https:\/\/www.nexoit.com.uy\/web\/invitacion-a-evento-gestion-de-contratos-para-banca-y-seguros-jueves-2-de-diciembre\/\" \/>\n<meta property=\"og:site_name\" content=\"NEXO IT\" \/>\n<meta property=\"article:modified_time\" content=\"2021-11-24T18:13:41+00:00\" \/>\n<meta property=\"og:image\" content=\"https:\/\/www.nexoit.com.uy\/web\/wp-content\/uploads\/2021\/11\/Imagen-tablet.jpg\" \/>\n<meta name=\"twitter:label1\" content=\"Tiempo de lectura\" \/>\n\t<meta name=\"twitter:data1\" content=\"1 minuto\" \/>\n<script type=\"application\/ld+json\" class=\"yoast-schema-graph\">{\"@context\":\"https:\/\/schema.org\",\"@graph\":[{\"@type\":\"WebPage\",\"@id\":\"https:\/\/www.nexoit.com.uy\/web\/invitacion-a-evento-gestion-de-contratos-para-banca-y-seguros-jueves-2-de-diciembre\/\",\"url\":\"https:\/\/www.nexoit.com.uy\/web\/invitacion-a-evento-gestion-de-contratos-para-banca-y-seguros-jueves-2-de-diciembre\/\",\"name\":\"Invitaci\u00f3n a Evento: Gesti\u00f3n de Contratos para Banca y Seguros (Jueves 2 de Diciembre) - NEXO IT\",\"isPartOf\":{\"@id\":\"https:\/\/www.nexoit.com.uy\/web\/#website\"},\"datePublished\":\"2021-11-24T17:25:25+00:00\",\"dateModified\":\"2021-11-24T18:13:41+00:00\",\"breadcrumb\":{\"@id\":\"https:\/\/www.nexoit.com.uy\/web\/invitacion-a-evento-gestion-de-contratos-para-banca-y-seguros-jueves-2-de-diciembre\/#breadcrumb\"},\"inLanguage\":\"es\",\"potentialAction\":[{\"@type\":\"ReadAction\",\"target\":[\"https:\/\/www.nexoit.com.uy\/web\/invitacion-a-evento-gestion-de-contratos-para-banca-y-seguros-jueves-2-de-diciembre\/\"]}]},{\"@type\":\"BreadcrumbList\",\"@id\":\"https:\/\/www.nexoit.com.uy\/web\/invitacion-a-evento-gestion-de-contratos-para-banca-y-seguros-jueves-2-de-diciembre\/#breadcrumb\",\"itemListElement\":[{\"@type\":\"ListItem\",\"position\":1,\"name\":\"Portada\",\"item\":\"https:\/\/www.nexoit.com.uy\/web\/\"},{\"@type\":\"ListItem\",\"position\":2,\"name\":\"Invitaci\u00f3n a Evento: Gesti\u00f3n de Contratos para Banca y Seguros (Jueves 2 de Diciembre)\"}]},{\"@type\":\"WebSite\",\"@id\":\"https:\/\/www.nexoit.com.uy\/web\/#website\",\"url\":\"https:\/\/www.nexoit.com.uy\/web\/\",\"name\":\"NEXO IT\",\"description\":\"Expertos en gesti\u00f3n documental\",\"potentialAction\":[{\"@type\":\"SearchAction\",\"target\":{\"@type\":\"EntryPoint\",\"urlTemplate\":\"https:\/\/www.nexoit.com.uy\/web\/?s={search_term_string}\"},\"query-input\":\"required name=search_term_string\"}],\"inLanguage\":\"es\"}]}<\/script>\n<!-- \/ Yoast SEO plugin. -->","yoast_head_json":{"title":"Invitaci\u00f3n a Evento: Gesti\u00f3n de Contratos para Banca y Seguros (Jueves 2 de Diciembre) - NEXO IT","robots":{"index":"index","follow":"follow","max-snippet":"max-snippet:-1","max-image-preview":"max-image-preview:large","max-video-preview":"max-video-preview:-1"},"canonical":"https:\/\/www.nexoit.com.uy\/web\/invitacion-a-evento-gestion-de-contratos-para-banca-y-seguros-jueves-2-de-diciembre\/","og_locale":"es_ES","og_type":"article","og_title":"Invitaci\u00f3n a Evento: Gesti\u00f3n de Contratos para Banca y Seguros (Jueves 2 de Diciembre) - NEXO IT","og_description":"Gesti\u00f3n de Contratos en Banca y Seguros con Firma Digital Agilice la gesti\u00f3n de contratos al optimizar cada paso del proceso. Conozca la soluci\u00f3n OnBase para la gesti\u00f3n de contratos que proporciona un repositorio de almacenamiento centralizado, facilitando as\u00ed a los empleados un acceso inmediato a la informaci\u00f3n, siendo\u00a0importados desde otros sistemas o escaneados directamente. [&hellip;]","og_url":"https:\/\/www.nexoit.com.uy\/web\/invitacion-a-evento-gestion-de-contratos-para-banca-y-seguros-jueves-2-de-diciembre\/","og_site_name":"NEXO IT","article_modified_time":"2021-11-24T18:13:41+00:00","og_image":[{"url":"https:\/\/www.nexoit.com.uy\/web\/wp-content\/uploads\/2021\/11\/Imagen-tablet.jpg"}],"twitter_misc":{"Tiempo de lectura":"1 minuto"},"schema":{"@context":"https:\/\/schema.org","@graph":[{"@type":"WebPage","@id":"https:\/\/www.nexoit.com.uy\/web\/invitacion-a-evento-gestion-de-contratos-para-banca-y-seguros-jueves-2-de-diciembre\/","url":"https:\/\/www.nexoit.com.uy\/web\/invitacion-a-evento-gestion-de-contratos-para-banca-y-seguros-jueves-2-de-diciembre\/","name":"Invitaci\u00f3n a Evento: Gesti\u00f3n de Contratos para Banca y Seguros (Jueves 2 de Diciembre) - NEXO IT","isPartOf":{"@id":"https:\/\/www.nexoit.com.uy\/web\/#website"},"datePublished":"2021-11-24T17:25:25+00:00","dateModified":"2021-11-24T18:13:41+00:00","breadcrumb":{"@id":"https:\/\/www.nexoit.com.uy\/web\/invitacion-a-evento-gestion-de-contratos-para-banca-y-seguros-jueves-2-de-diciembre\/#breadcrumb"},"inLanguage":"es","potentialAction":[{"@type":"ReadAction","target":["https:\/\/www.nexoit.com.uy\/web\/invitacion-a-evento-gestion-de-contratos-para-banca-y-seguros-jueves-2-de-diciembre\/"]}]},{"@type":"BreadcrumbList","@id":"https:\/\/www.nexoit.com.uy\/web\/invitacion-a-evento-gestion-de-contratos-para-banca-y-seguros-jueves-2-de-diciembre\/#breadcrumb","itemListElement":[{"@type":"ListItem","position":1,"name":"Portada","item":"https:\/\/www.nexoit.com.uy\/web\/"},{"@type":"ListItem","position":2,"name":"Invitaci\u00f3n a Evento: Gesti\u00f3n de Contratos para Banca y Seguros (Jueves 2 de Diciembre)"}]},{"@type":"WebSite","@id":"https:\/\/www.nexoit.com.uy\/web\/#website","url":"https:\/\/www.nexoit.com.uy\/web\/","name":"NEXO IT","description":"Expertos en gesti\u00f3n documental","potentialAction":[{"@type":"SearchAction","target":{"@type":"EntryPoint","urlTemplate":"https:\/\/www.nexoit.com.uy\/web\/?s={search_term_string}"},"query-input":"required name=search_term_string"}],"inLanguage":"es"}]}},"_links":{"self":[{"href":"https:\/\/www.nexoit.com.uy\/web\/wp-json\/wp\/v2\/pages\/1734"}],"collection":[{"href":"https:\/\/www.nexoit.com.uy\/web\/wp-json\/wp\/v2\/pages"}],"about":[{"href":"https:\/\/www.nexoit.com.uy\/web\/wp-json\/wp\/v2\/types\/page"}],"author":[{"embeddable":true,"href":"https:\/\/www.nexoit.com.uy\/web\/wp-json\/wp\/v2\/users\/3"}],"replies":[{"embeddable":true,"href":"https:\/\/www.nexoit.com.uy\/web\/wp-json\/wp\/v2\/comments?post=1734"}],"version-history":[{"count":4,"href":"https:\/\/www.nexoit.com.uy\/web\/wp-json\/wp\/v2\/pages\/1734\/revisions"}],"predecessor-version":[{"id":1740,"href":"https:\/\/www.nexoit.com.uy\/web\/wp-json\/wp\/v2\/pages\/1734\/revisions\/1740"}],"wp:attachment":[{"href":"https:\/\/www.nexoit.com.uy\/web\/wp-json\/wp\/v2\/media?parent=1734"}],"curies":[{"name":"wp","href":"https:\/\/api.w.org\/{rel}","templated":true}]}}