{"id":1609,"date":"2021-05-31T18:20:18","date_gmt":"2021-05-31T21:20:18","guid":{"rendered":"https:\/\/www.nexoit.com.uy\/web\/?page_id=1609"},"modified":"2021-06-23T13:43:59","modified_gmt":"2021-06-23T16:43:59","slug":"solucion-de-firma-digital-en-banca-y-seguros","status":"publish","type":"page","link":"https:\/\/www.nexoit.com.uy\/web\/solucion-de-firma-digital-en-banca-y-seguros\/","title":{"rendered":"Invitaci\u00f3n a Evento de Soluci\u00f3n de Firma Digital en Banca y Seguros (Mi\u00e9rcoles 14 de Julio)"},"content":{"rendered":"<p><img decoding=\"async\" loading=\"lazy\" class=\"aligncenter size-full wp-image-1646\" src=\"https:\/\/www.nexoit.com.uy\/web\/wp-content\/uploads\/2021\/05\/firma-electronica-evento1.jpeg\" alt=\"firma electronica-evento\" width=\"810\" height=\"455\" srcset=\"https:\/\/www.nexoit.com.uy\/web\/wp-content\/uploads\/2021\/05\/firma-electronica-evento1.jpeg 810w, https:\/\/www.nexoit.com.uy\/web\/wp-content\/uploads\/2021\/05\/firma-electronica-evento1-150x84.jpeg 150w, https:\/\/www.nexoit.com.uy\/web\/wp-content\/uploads\/2021\/05\/firma-electronica-evento1-300x169.jpeg 300w, https:\/\/www.nexoit.com.uy\/web\/wp-content\/uploads\/2021\/05\/firma-electronica-evento1-239x134.jpeg 239w, https:\/\/www.nexoit.com.uy\/web\/wp-content\/uploads\/2021\/05\/firma-electronica-evento1-600x337.jpeg 600w\" sizes=\"(max-width: 810px) 100vw, 810px\" \/><\/p>\n<pre><span style=\"color: #008080;\"><strong>Soluci\u00f3n de Firma Digital en Banca y Seguros de Documentos Financieros y P\u00f3lizas de Seguros<\/strong><\/span><\/pre>\n<p><strong>\u00a0<\/strong><br \/>\nConoce como se puede\u00a0acelerar cualquier procedimiento en los que se requiera la firma digital de documentos financieros con validez jur\u00eddica. Desde aperturas de cuenta hasta solicitudes de cr\u00e9dito.<\/p>\n<p>La firma digital reconocida tendr\u00e1, respecto a los datos consignados en forma electr\u00f3nica, el mismo valor que la firma manuscrita en relaci\u00f3n a los consignados en papel.<\/p>\n<p>Te invitamos a participar de este evento virtual.<\/p>\n<p><a title=\"Inscripci\u00f3n\" href=\"https:\/\/zoom.us\/webinar\/register\/WN_UrhttypRTyWRTLV257JUXw\"><img decoding=\"async\" loading=\"lazy\" class=\"aligncenter size-full wp-image-1405\" src=\"https:\/\/www.nexoit.com.uy\/web\/wp-content\/uploads\/2020\/05\/Boton-Registro.jpg\" alt=\"Boton-Registro\" width=\"171\" height=\"51\" srcset=\"https:\/\/www.nexoit.com.uy\/web\/wp-content\/uploads\/2020\/05\/Boton-Registro.jpg 171w, https:\/\/www.nexoit.com.uy\/web\/wp-content\/uploads\/2020\/05\/Boton-Registro-150x45.jpg 150w\" sizes=\"(max-width: 171px) 100vw, 171px\" \/><\/a><\/p>\n<pre><span style=\"text-decoration: underline; color: #008080;\"><strong>FECHA:<\/strong><\/span>\r\n<span style=\"color: #008080;\">Mi\u00e9rcoles, 14 de Julio<\/span><\/pre>\n<pre style=\"text-align: left;\"><span style=\"color: #008080;\"><span style=\"text-decoration: underline;\"><strong>HORA:<\/strong><\/span>\r\n09.00 Hs. M\u00e9xico \/ Per\u00fa\r\n10.00 Hs. Bolivia \/ Chile \/ Paraguay \/ Venezuela.\r\n11.00 Hs. Argentina \/ Uruguay.<\/span><\/pre>\n<p style=\"text-align: left;\">Esperamos contar con su asistencia.<\/p>\n<p>Equipo de Nexo IT y Edatalia.<br \/>\n<img decoding=\"async\" loading=\"lazy\" class=\"aligncenter size-full wp-image-1567\" src=\"https:\/\/www.nexoit.com.uy\/web\/wp-content\/uploads\/2021\/04\/logo-nexoit-edatalia-banner.png\" alt=\"logo-nexoit-edatalia-banner\" width=\"803\" height=\"336\" srcset=\"https:\/\/www.nexoit.com.uy\/web\/wp-content\/uploads\/2021\/04\/logo-nexoit-edatalia-banner.png 803w, https:\/\/www.nexoit.com.uy\/web\/wp-content\/uploads\/2021\/04\/logo-nexoit-edatalia-banner-150x63.png 150w, https:\/\/www.nexoit.com.uy\/web\/wp-content\/uploads\/2021\/04\/logo-nexoit-edatalia-banner-300x126.png 300w, https:\/\/www.nexoit.com.uy\/web\/wp-content\/uploads\/2021\/04\/logo-nexoit-edatalia-banner-239x100.png 239w, https:\/\/www.nexoit.com.uy\/web\/wp-content\/uploads\/2021\/04\/logo-nexoit-edatalia-banner-600x251.png 600w\" sizes=\"(max-width: 803px) 100vw, 803px\" \/><\/p>\n","protected":false},"excerpt":{"rendered":"<p>Soluci\u00f3n de Firma Digital en Banca y Seguros de Documentos Financieros y P\u00f3lizas de Seguros \u00a0 Conoce como se puede\u00a0acelerar cualquier procedimiento en los que se requiera la firma digital de documentos financieros con validez jur\u00eddica. Desde aperturas de cuenta hasta solicitudes de cr\u00e9dito. La firma digital reconocida tendr\u00e1, respecto a los datos consignados en [&hellip;]<\/p>\n","protected":false},"author":3,"featured_media":0,"parent":0,"menu_order":0,"comment_status":"closed","ping_status":"closed","template":"","meta":[],"yoast_head":"<!-- This site is optimized with the Yoast SEO plugin v20.10 - https:\/\/yoast.com\/wordpress\/plugins\/seo\/ -->\n<title>Invitaci\u00f3n a Evento de Soluci\u00f3n de Firma Digital en Banca y Seguros (Mi\u00e9rcoles 14 de Julio) - NEXO IT<\/title>\n<meta name=\"robots\" content=\"index, follow, max-snippet:-1, max-image-preview:large, max-video-preview:-1\" \/>\n<link rel=\"canonical\" href=\"https:\/\/www.nexoit.com.uy\/web\/solucion-de-firma-digital-en-banca-y-seguros\/\" \/>\n<meta property=\"og:locale\" content=\"es_ES\" \/>\n<meta property=\"og:type\" content=\"article\" \/>\n<meta property=\"og:title\" content=\"Invitaci\u00f3n a Evento de Soluci\u00f3n de Firma Digital en Banca y Seguros (Mi\u00e9rcoles 14 de Julio) - NEXO IT\" \/>\n<meta property=\"og:description\" content=\"Soluci\u00f3n de Firma Digital en Banca y Seguros de Documentos Financieros y P\u00f3lizas de Seguros \u00a0 Conoce como se puede\u00a0acelerar cualquier procedimiento en los que se requiera la firma digital de documentos financieros con validez jur\u00eddica. Desde aperturas de cuenta hasta solicitudes de cr\u00e9dito. La firma digital reconocida tendr\u00e1, respecto a los datos consignados en [&hellip;]\" \/>\n<meta property=\"og:url\" content=\"https:\/\/www.nexoit.com.uy\/web\/solucion-de-firma-digital-en-banca-y-seguros\/\" \/>\n<meta property=\"og:site_name\" content=\"NEXO IT\" \/>\n<meta property=\"article:modified_time\" content=\"2021-06-23T16:43:59+00:00\" \/>\n<meta property=\"og:image\" content=\"https:\/\/www.nexoit.com.uy\/web\/wp-content\/uploads\/2021\/05\/firma-electronica-evento1.jpeg\" \/>\n<meta name=\"twitter:label1\" content=\"Tiempo de lectura\" \/>\n\t<meta name=\"twitter:data1\" content=\"1 minuto\" \/>\n<script type=\"application\/ld+json\" class=\"yoast-schema-graph\">{\"@context\":\"https:\/\/schema.org\",\"@graph\":[{\"@type\":\"WebPage\",\"@id\":\"https:\/\/www.nexoit.com.uy\/web\/solucion-de-firma-digital-en-banca-y-seguros\/\",\"url\":\"https:\/\/www.nexoit.com.uy\/web\/solucion-de-firma-digital-en-banca-y-seguros\/\",\"name\":\"Invitaci\u00f3n a Evento de Soluci\u00f3n de Firma Digital en Banca y Seguros (Mi\u00e9rcoles 14 de Julio) - NEXO IT\",\"isPartOf\":{\"@id\":\"https:\/\/www.nexoit.com.uy\/web\/#website\"},\"datePublished\":\"2021-05-31T21:20:18+00:00\",\"dateModified\":\"2021-06-23T16:43:59+00:00\",\"breadcrumb\":{\"@id\":\"https:\/\/www.nexoit.com.uy\/web\/solucion-de-firma-digital-en-banca-y-seguros\/#breadcrumb\"},\"inLanguage\":\"es\",\"potentialAction\":[{\"@type\":\"ReadAction\",\"target\":[\"https:\/\/www.nexoit.com.uy\/web\/solucion-de-firma-digital-en-banca-y-seguros\/\"]}]},{\"@type\":\"BreadcrumbList\",\"@id\":\"https:\/\/www.nexoit.com.uy\/web\/solucion-de-firma-digital-en-banca-y-seguros\/#breadcrumb\",\"itemListElement\":[{\"@type\":\"ListItem\",\"position\":1,\"name\":\"Portada\",\"item\":\"https:\/\/www.nexoit.com.uy\/web\/\"},{\"@type\":\"ListItem\",\"position\":2,\"name\":\"Invitaci\u00f3n a Evento de Soluci\u00f3n de Firma Digital en Banca y Seguros (Mi\u00e9rcoles 14 de Julio)\"}]},{\"@type\":\"WebSite\",\"@id\":\"https:\/\/www.nexoit.com.uy\/web\/#website\",\"url\":\"https:\/\/www.nexoit.com.uy\/web\/\",\"name\":\"NEXO IT\",\"description\":\"Expertos en gesti\u00f3n documental\",\"potentialAction\":[{\"@type\":\"SearchAction\",\"target\":{\"@type\":\"EntryPoint\",\"urlTemplate\":\"https:\/\/www.nexoit.com.uy\/web\/?s={search_term_string}\"},\"query-input\":\"required name=search_term_string\"}],\"inLanguage\":\"es\"}]}<\/script>\n<!-- \/ Yoast SEO plugin. -->","yoast_head_json":{"title":"Invitaci\u00f3n a Evento de Soluci\u00f3n de Firma Digital en Banca y Seguros (Mi\u00e9rcoles 14 de Julio) - NEXO IT","robots":{"index":"index","follow":"follow","max-snippet":"max-snippet:-1","max-image-preview":"max-image-preview:large","max-video-preview":"max-video-preview:-1"},"canonical":"https:\/\/www.nexoit.com.uy\/web\/solucion-de-firma-digital-en-banca-y-seguros\/","og_locale":"es_ES","og_type":"article","og_title":"Invitaci\u00f3n a Evento de Soluci\u00f3n de Firma Digital en Banca y Seguros (Mi\u00e9rcoles 14 de Julio) - NEXO IT","og_description":"Soluci\u00f3n de Firma Digital en Banca y Seguros de Documentos Financieros y P\u00f3lizas de Seguros \u00a0 Conoce como se puede\u00a0acelerar cualquier procedimiento en los que se requiera la firma digital de documentos financieros con validez jur\u00eddica. Desde aperturas de cuenta hasta solicitudes de cr\u00e9dito. La firma digital reconocida tendr\u00e1, respecto a los datos consignados en [&hellip;]","og_url":"https:\/\/www.nexoit.com.uy\/web\/solucion-de-firma-digital-en-banca-y-seguros\/","og_site_name":"NEXO IT","article_modified_time":"2021-06-23T16:43:59+00:00","og_image":[{"url":"https:\/\/www.nexoit.com.uy\/web\/wp-content\/uploads\/2021\/05\/firma-electronica-evento1.jpeg"}],"twitter_misc":{"Tiempo de lectura":"1 minuto"},"schema":{"@context":"https:\/\/schema.org","@graph":[{"@type":"WebPage","@id":"https:\/\/www.nexoit.com.uy\/web\/solucion-de-firma-digital-en-banca-y-seguros\/","url":"https:\/\/www.nexoit.com.uy\/web\/solucion-de-firma-digital-en-banca-y-seguros\/","name":"Invitaci\u00f3n a Evento de Soluci\u00f3n de Firma Digital en Banca y Seguros (Mi\u00e9rcoles 14 de Julio) - NEXO IT","isPartOf":{"@id":"https:\/\/www.nexoit.com.uy\/web\/#website"},"datePublished":"2021-05-31T21:20:18+00:00","dateModified":"2021-06-23T16:43:59+00:00","breadcrumb":{"@id":"https:\/\/www.nexoit.com.uy\/web\/solucion-de-firma-digital-en-banca-y-seguros\/#breadcrumb"},"inLanguage":"es","potentialAction":[{"@type":"ReadAction","target":["https:\/\/www.nexoit.com.uy\/web\/solucion-de-firma-digital-en-banca-y-seguros\/"]}]},{"@type":"BreadcrumbList","@id":"https:\/\/www.nexoit.com.uy\/web\/solucion-de-firma-digital-en-banca-y-seguros\/#breadcrumb","itemListElement":[{"@type":"ListItem","position":1,"name":"Portada","item":"https:\/\/www.nexoit.com.uy\/web\/"},{"@type":"ListItem","position":2,"name":"Invitaci\u00f3n a Evento de Soluci\u00f3n de Firma Digital en Banca y Seguros (Mi\u00e9rcoles 14 de Julio)"}]},{"@type":"WebSite","@id":"https:\/\/www.nexoit.com.uy\/web\/#website","url":"https:\/\/www.nexoit.com.uy\/web\/","name":"NEXO IT","description":"Expertos en gesti\u00f3n documental","potentialAction":[{"@type":"SearchAction","target":{"@type":"EntryPoint","urlTemplate":"https:\/\/www.nexoit.com.uy\/web\/?s={search_term_string}"},"query-input":"required name=search_term_string"}],"inLanguage":"es"}]}},"_links":{"self":[{"href":"https:\/\/www.nexoit.com.uy\/web\/wp-json\/wp\/v2\/pages\/1609"}],"collection":[{"href":"https:\/\/www.nexoit.com.uy\/web\/wp-json\/wp\/v2\/pages"}],"about":[{"href":"https:\/\/www.nexoit.com.uy\/web\/wp-json\/wp\/v2\/types\/page"}],"author":[{"embeddable":true,"href":"https:\/\/www.nexoit.com.uy\/web\/wp-json\/wp\/v2\/users\/3"}],"replies":[{"embeddable":true,"href":"https:\/\/www.nexoit.com.uy\/web\/wp-json\/wp\/v2\/comments?post=1609"}],"version-history":[{"count":30,"href":"https:\/\/www.nexoit.com.uy\/web\/wp-json\/wp\/v2\/pages\/1609\/revisions"}],"predecessor-version":[{"id":1650,"href":"https:\/\/www.nexoit.com.uy\/web\/wp-json\/wp\/v2\/pages\/1609\/revisions\/1650"}],"wp:attachment":[{"href":"https:\/\/www.nexoit.com.uy\/web\/wp-json\/wp\/v2\/media?parent=1609"}],"curies":[{"name":"wp","href":"https:\/\/api.w.org\/{rel}","templated":true}]}}