{"id":137,"date":"2015-04-12T12:21:07","date_gmt":"2015-04-12T15:21:07","guid":{"rendered":"http:\/\/nexoit.com.uy\/web\/?page_id=137"},"modified":"2017-12-05T15:12:53","modified_gmt":"2017-12-05T18:12:53","slug":"captura-automatica-de-datos","status":"publish","type":"page","link":"https:\/\/www.nexoit.com.uy\/web\/captura-automatica-de-datos\/","title":{"rendered":"Captura autom\u00e1tica de datos"},"content":{"rendered":"<p align=\"justify\">En <strong>Nexo IT<\/strong>\u00a0analizamos sus necesidades de digitalizaci\u00f3n con base en tu flujo de trabajo, estudiamos la naturaleza de los documentos, proponemos una soluci\u00f3n de digitalizaci\u00f3n y repasamos contigo todos los detalles del proyecto conjuntamente.<\/p>\n<p align=\"justify\">Planificamos minuciosamente la implementaci\u00f3n de cada \u00a0nuevo proyecto, para asegurarte una perfecta transici\u00f3n, desarrollando controles de calidad para cada proceso, supervisado por un personal documentalista.<\/p>\n<p align=\"justify\">Uno de nuestros servicios cuenta con\u00a0el <strong>Reconocimiento \u00f3ptico de caracteres, abreviado habitualmente como <span class=\"Estilo10\">OCR (Optical character recognition)<\/span>, <\/strong>que\u00a0extrae de una imagen los caracteres que componen un texto para almacenarlos en un formato con el cual puedan interactuar programas de edici\u00f3n de texto. A partir de ah\u00ed el texto es reconocido como tal, de modo que se pueden buscar en \u00e9l cadenas de caracteres, exportar el texto a un editor de textos o a otras aplicaciones, etc., permitiendo editar textos.<\/p>\n<p align=\"justify\">Te ofrecemos nuestro sencillo visualizador de documentos, para facilitar y mejorar el acceso y el manejo de tus archivos.<\/p>\n<p align=\"justify\">Sin importar qu\u00e9 tipo de documento quieras digitalizar: facturas, expedientes, escrituras, historias cl\u00ednicas o el tratamiento que necesites (<strong>OCR, indexaci\u00f3n, c\u00f3digos de barras<\/strong>\u2026), encontraremos la soluci\u00f3n a tu medida y seg\u00fan tus necesidades.<\/p>\n","protected":false},"excerpt":{"rendered":"<p>En Nexo IT\u00a0analizamos sus necesidades de digitalizaci\u00f3n con base en tu flujo de trabajo, estudiamos la naturaleza de los documentos, proponemos una soluci\u00f3n de digitalizaci\u00f3n y repasamos contigo todos los detalles del proyecto conjuntamente. Planificamos minuciosamente la implementaci\u00f3n de cada \u00a0nuevo proyecto, para asegurarte una perfecta transici\u00f3n, desarrollando controles de calidad para cada proceso, supervisado [&hellip;]<\/p>\n","protected":false},"author":8,"featured_media":0,"parent":0,"menu_order":0,"comment_status":"closed","ping_status":"closed","template":"","meta":[],"yoast_head":"<!-- This site is optimized with the Yoast SEO plugin v20.10 - https:\/\/yoast.com\/wordpress\/plugins\/seo\/ -->\n<title>Captura autom\u00e1tica de datos - NEXO IT<\/title>\n<meta name=\"description\" content=\"Cuente con procesos de captura autom\u00e1tica de datos, analizamos, digitalizamos con base en su flujo de trabajo, tenemos su soluci\u00f3n de captura de datos.\" \/>\n<meta name=\"robots\" content=\"index, follow, max-snippet:-1, max-image-preview:large, max-video-preview:-1\" \/>\n<link rel=\"canonical\" href=\"https:\/\/www.nexoit.com.uy\/web\/captura-automatica-de-datos\/\" \/>\n<meta property=\"og:locale\" content=\"es_ES\" \/>\n<meta property=\"og:type\" content=\"article\" \/>\n<meta property=\"og:title\" content=\"Captura autom\u00e1tica de datos - NEXO IT\" \/>\n<meta property=\"og:description\" content=\"Cuente con procesos de captura autom\u00e1tica de datos, analizamos, digitalizamos con base en su flujo de trabajo, tenemos su soluci\u00f3n de captura de datos.\" \/>\n<meta property=\"og:url\" content=\"https:\/\/www.nexoit.com.uy\/web\/captura-automatica-de-datos\/\" \/>\n<meta property=\"og:site_name\" content=\"NEXO IT\" \/>\n<meta property=\"article:modified_time\" content=\"2017-12-05T18:12:53+00:00\" \/>\n<meta name=\"twitter:label1\" content=\"Tiempo de lectura\" \/>\n\t<meta name=\"twitter:data1\" content=\"1 minuto\" \/>\n<script type=\"application\/ld+json\" class=\"yoast-schema-graph\">{\"@context\":\"https:\/\/schema.org\",\"@graph\":[{\"@type\":\"WebPage\",\"@id\":\"https:\/\/www.nexoit.com.uy\/web\/captura-automatica-de-datos\/\",\"url\":\"https:\/\/www.nexoit.com.uy\/web\/captura-automatica-de-datos\/\",\"name\":\"Captura autom\u00e1tica de datos - NEXO IT\",\"isPartOf\":{\"@id\":\"https:\/\/www.nexoit.com.uy\/web\/#website\"},\"datePublished\":\"2015-04-12T15:21:07+00:00\",\"dateModified\":\"2017-12-05T18:12:53+00:00\",\"description\":\"Cuente con procesos de captura autom\u00e1tica de datos, analizamos, digitalizamos con base en su flujo de trabajo, tenemos su soluci\u00f3n de captura de datos.\",\"breadcrumb\":{\"@id\":\"https:\/\/www.nexoit.com.uy\/web\/captura-automatica-de-datos\/#breadcrumb\"},\"inLanguage\":\"es\",\"potentialAction\":[{\"@type\":\"ReadAction\",\"target\":[\"https:\/\/www.nexoit.com.uy\/web\/captura-automatica-de-datos\/\"]}]},{\"@type\":\"BreadcrumbList\",\"@id\":\"https:\/\/www.nexoit.com.uy\/web\/captura-automatica-de-datos\/#breadcrumb\",\"itemListElement\":[{\"@type\":\"ListItem\",\"position\":1,\"name\":\"Portada\",\"item\":\"https:\/\/www.nexoit.com.uy\/web\/\"},{\"@type\":\"ListItem\",\"position\":2,\"name\":\"Captura autom\u00e1tica de datos\"}]},{\"@type\":\"WebSite\",\"@id\":\"https:\/\/www.nexoit.com.uy\/web\/#website\",\"url\":\"https:\/\/www.nexoit.com.uy\/web\/\",\"name\":\"NEXO IT\",\"description\":\"Expertos en gesti\u00f3n documental\",\"potentialAction\":[{\"@type\":\"SearchAction\",\"target\":{\"@type\":\"EntryPoint\",\"urlTemplate\":\"https:\/\/www.nexoit.com.uy\/web\/?s={search_term_string}\"},\"query-input\":\"required name=search_term_string\"}],\"inLanguage\":\"es\"}]}<\/script>\n<!-- \/ Yoast SEO plugin. -->","yoast_head_json":{"title":"Captura autom\u00e1tica de datos - NEXO IT","description":"Cuente con procesos de captura autom\u00e1tica de datos, analizamos, digitalizamos con base en su flujo de trabajo, tenemos su soluci\u00f3n de captura de datos.","robots":{"index":"index","follow":"follow","max-snippet":"max-snippet:-1","max-image-preview":"max-image-preview:large","max-video-preview":"max-video-preview:-1"},"canonical":"https:\/\/www.nexoit.com.uy\/web\/captura-automatica-de-datos\/","og_locale":"es_ES","og_type":"article","og_title":"Captura autom\u00e1tica de datos - NEXO IT","og_description":"Cuente con procesos de captura autom\u00e1tica de datos, analizamos, digitalizamos con base en su flujo de trabajo, tenemos su soluci\u00f3n de captura de datos.","og_url":"https:\/\/www.nexoit.com.uy\/web\/captura-automatica-de-datos\/","og_site_name":"NEXO IT","article_modified_time":"2017-12-05T18:12:53+00:00","twitter_misc":{"Tiempo de lectura":"1 minuto"},"schema":{"@context":"https:\/\/schema.org","@graph":[{"@type":"WebPage","@id":"https:\/\/www.nexoit.com.uy\/web\/captura-automatica-de-datos\/","url":"https:\/\/www.nexoit.com.uy\/web\/captura-automatica-de-datos\/","name":"Captura autom\u00e1tica de datos - NEXO IT","isPartOf":{"@id":"https:\/\/www.nexoit.com.uy\/web\/#website"},"datePublished":"2015-04-12T15:21:07+00:00","dateModified":"2017-12-05T18:12:53+00:00","description":"Cuente con procesos de captura autom\u00e1tica de datos, analizamos, digitalizamos con base en su flujo de trabajo, tenemos su soluci\u00f3n de captura de datos.","breadcrumb":{"@id":"https:\/\/www.nexoit.com.uy\/web\/captura-automatica-de-datos\/#breadcrumb"},"inLanguage":"es","potentialAction":[{"@type":"ReadAction","target":["https:\/\/www.nexoit.com.uy\/web\/captura-automatica-de-datos\/"]}]},{"@type":"BreadcrumbList","@id":"https:\/\/www.nexoit.com.uy\/web\/captura-automatica-de-datos\/#breadcrumb","itemListElement":[{"@type":"ListItem","position":1,"name":"Portada","item":"https:\/\/www.nexoit.com.uy\/web\/"},{"@type":"ListItem","position":2,"name":"Captura autom\u00e1tica de datos"}]},{"@type":"WebSite","@id":"https:\/\/www.nexoit.com.uy\/web\/#website","url":"https:\/\/www.nexoit.com.uy\/web\/","name":"NEXO IT","description":"Expertos en gesti\u00f3n documental","potentialAction":[{"@type":"SearchAction","target":{"@type":"EntryPoint","urlTemplate":"https:\/\/www.nexoit.com.uy\/web\/?s={search_term_string}"},"query-input":"required name=search_term_string"}],"inLanguage":"es"}]}},"_links":{"self":[{"href":"https:\/\/www.nexoit.com.uy\/web\/wp-json\/wp\/v2\/pages\/137"}],"collection":[{"href":"https:\/\/www.nexoit.com.uy\/web\/wp-json\/wp\/v2\/pages"}],"about":[{"href":"https:\/\/www.nexoit.com.uy\/web\/wp-json\/wp\/v2\/types\/page"}],"author":[{"embeddable":true,"href":"https:\/\/www.nexoit.com.uy\/web\/wp-json\/wp\/v2\/users\/8"}],"replies":[{"embeddable":true,"href":"https:\/\/www.nexoit.com.uy\/web\/wp-json\/wp\/v2\/comments?post=137"}],"version-history":[{"count":6,"href":"https:\/\/www.nexoit.com.uy\/web\/wp-json\/wp\/v2\/pages\/137\/revisions"}],"predecessor-version":[{"id":678,"href":"https:\/\/www.nexoit.com.uy\/web\/wp-json\/wp\/v2\/pages\/137\/revisions\/678"}],"wp:attachment":[{"href":"https:\/\/www.nexoit.com.uy\/web\/wp-json\/wp\/v2\/media?parent=137"}],"curies":[{"name":"wp","href":"https:\/\/api.w.org\/{rel}","templated":true}]}}