{"id":4,"date":"2015-04-22T17:27:08","date_gmt":"2015-04-22T17:27:08","guid":{"rendered":"http:\/\/nexoit.com.uy\/desarrollo\/?page_id=4"},"modified":"2021-05-26T15:27:06","modified_gmt":"2021-05-26T18:27:06","slug":"inicio","status":"publish","type":"page","link":"https:\/\/www.nexoit.com.uy\/desarrollo\/","title":{"rendered":"Inicio"},"content":{"rendered":"<h4 name=\"adesarrollo\"><\/h4>\n<p>&nbsp;<\/p>\n<h2>DESARROLLO<\/h2>\n<div class=\"contenido-home\">\nDentro de la empresa y sus diferentes departamentos, existe cual es el m\u00e1s grande y el dio inicio a NEXO IT. El Departamento de DESARROLLO de NEXO IT est\u00e1 enfocado en proveer soluciones de desarrollo de Software competitivas con la mejor relaci\u00f3n coste\/beneficio, contando con profesionales capacitados en tecnolog\u00edas de IT a empresas nacionales y extranjeras.<\/p>\n<div class=\"bloque-50\">\n<h4>MISI\u00d3N<\/h4>\n<p>El Dpto. de DESARROLLO de NEXO IT tiene la responsabilidad de llevar adelante el desarrollo de los productos de la empresa, haciendo posible la innovaci\u00f3n en su campo de acci\u00f3n o nicho de mercado.<br \/>\nAs\u00ed mismo, tambi\u00e9n est\u00e1 enfocado en proveer soluciones de Software a medida para terceros, utilizando siempre el mismo expertice t\u00e9cnico del Dpto.<\/p>\n<\/div>\n<p><!-- fin bloque-50 --><\/p>\n<div class=\"bloque-50\">\n<h4>VISI\u00d3N<\/h4>\n<p>El Dpto. de DESARROLLO pretende dise\u00f1ar, construir e implementar soluciones de Software de calidad, utiles y que modelen la realidad de los negocios, donde siempre logren mejorar la interacci\u00f3n con los usuarios\/empresas detr\u00e1s de las mismas.<\/p>\n<\/div>\n<p><!-- fin bloque-50 --><\/p>\n<\/div>\n<p><!-- fin contenido-home --><\/p>\n<p>&nbsp;<\/p>\n<h2 name=\"aproyectos\">PROYECTOS<\/h2>\n<div class=\"contenido-home\">\n<div class=\"bloque-50\">\n<h4>TECNOLOG\u00cdAS<\/h4>\n<p>Dentro de nuestros proyectos, utilizamos las tecnolog\u00edas vigentes y que logren obtener los mejores resultados para cada proyecto. Entre las diferentes tecnolog\u00edas\/herramientas Microsoft se encuentran: ASP.NET, C#, Microsoft SQL Server. Dentro de las tecnolog\u00edas\/herramientas OpenSource se encuentran: PHP, JavaScript, JQuery, MySQL.<br \/>\nPara cada t\u00e9cnolog\u00eda, se siguen\/utilizan las mejoras pr\u00e1cticas dadas por los creadores de cada lenguaje de programaci\u00f3n.<\/p>\n<h4>METODOLOG\u00cdAS<\/h4>\n<p>Dentro del Dpto. hacemos uso de un merge (combinaci\u00f3n) entre el proceso de desarrollo en cascada incremental e iterativo y sumamos algunos aspectos de las metodolog\u00edas \u00e1giles, de estas ultimas tomando sobre todo la importancia de tener piezas de Software a ser probadas en tiempos tempranos\/menores en el ciclo del proyecto, involucrando lo m\u00e1ximo posible los referentes del equipo del cliente.<\/p>\n<p>Adicional a esto, hemos construido y mantenemos actualizado nuestro propio est\u00e1ndard de desarrollo de Software, el cual est\u00e1 en constante crecimiento con el pasar de los proyectos y la experiencia adquirida en estos.<\/p>\n<\/div>\n<p><!-- fin bloque-50 --><\/p>\n<div class=\"bloque-50\">\n<div class=\"proyecto\"><a href=\"https:\/\/www.nexoit.com.uy\/desarrollo\/madra-2014\/\" title=\"MADRA &#8211; Portal WEB MADRA\"><h5>MADRA &#8211; Portal WEB MADRA<\/h5><img width=\"260\" height=\"180\" src=\"https:\/\/www.nexoit.com.uy\/desarrollo\/wp-content\/uploads\/2015\/04\/proyecto.png\" class=\"attachment-post-thumbnail size-post-thumbnail wp-post-image\" alt=\"\" decoding=\"async\" loading=\"lazy\" \/><\/a><\/div><div class=\"proyecto\"><a href=\"https:\/\/www.nexoit.com.uy\/desarrollo\/grupotres-2013\/\" title=\"Grupo Tres &#8211; PAPYRUS (Uruguay)\"><h5>Grupo Tres &#8211; PAPYRUS (Uruguay)<\/h5><img width=\"260\" height=\"180\" src=\"https:\/\/www.nexoit.com.uy\/desarrollo\/wp-content\/uploads\/2015\/04\/proyecto.png\" class=\"attachment-post-thumbnail size-post-thumbnail wp-post-image\" alt=\"\" decoding=\"async\" loading=\"lazy\" \/><\/a><\/div><div class=\"proyecto\"><a href=\"https:\/\/www.nexoit.com.uy\/desarrollo\/mru-2011\/\" title=\"MRU &#8211; Facturas de Compra a SAP\"><h5>MRU &#8211; Facturas de Compra a SAP<\/h5><img width=\"260\" height=\"180\" src=\"https:\/\/www.nexoit.com.uy\/desarrollo\/wp-content\/uploads\/2015\/04\/proyecto.png\" class=\"attachment-post-thumbnail size-post-thumbnail wp-post-image\" alt=\"\" decoding=\"async\" loading=\"lazy\" \/><\/a><\/div><div class=\"proyecto\"><a href=\"https:\/\/www.nexoit.com.uy\/desarrollo\/aru-2012\/\" title=\"ARU &#8211; Sistema Central de Registros Geneal\u00f3gicos\"><h5>ARU &#8211; Sistema Central de Registros Geneal\u00f3gicos<\/h5><img width=\"260\" height=\"180\" src=\"https:\/\/www.nexoit.com.uy\/desarrollo\/wp-content\/uploads\/2015\/04\/proyecto.png\" class=\"attachment-post-thumbnail size-post-thumbnail wp-post-image\" alt=\"\" decoding=\"async\" loading=\"lazy\" \/><\/a><\/div><div class=\"proyecto\"><a href=\"https:\/\/www.nexoit.com.uy\/desarrollo\/homebanking-2011\/\" title=\"BANDES &#8211; Home Banking (Uruguay)\"><h5>BANDES &#8211; Home Banking (Uruguay)<\/h5><img width=\"260\" height=\"180\" src=\"https:\/\/www.nexoit.com.uy\/desarrollo\/wp-content\/uploads\/2015\/04\/proyecto.png\" class=\"attachment-post-thumbnail size-post-thumbnail wp-post-image\" alt=\"\" decoding=\"async\" loading=\"lazy\" \/><\/a><\/div><div class=\"proyecto\"><a href=\"https:\/\/www.nexoit.com.uy\/desarrollo\/ipm-2005\/\" title=\"Insurance Portfolio Management (IPM)\"><h5>Insurance Portfolio Management (IPM)<\/h5><img width=\"260\" height=\"180\" src=\"https:\/\/www.nexoit.com.uy\/desarrollo\/wp-content\/uploads\/2015\/04\/proyecto.png\" class=\"attachment-post-thumbnail size-post-thumbnail wp-post-image\" alt=\"\" decoding=\"async\" loading=\"lazy\" \/><\/a><\/div>\n<\/div>\n<p><!-- fin bloque-50 --><\/p>\n<\/div>\n<p><!-- fin contenido-home --><\/p>\n<p>&nbsp;<\/p>\n<h2 name=\"aintegraciones\">INTEGRACIONES<\/h2>\n<div class=\"contenido-home\">\n<p>En el Dpto. de DESARROLLO de NEXO IT, nos encargamos de realizar las integraciones de las soluciones de Software que representa la EMPRESA, adem\u00e1s integrar en muchos proyectos nuestras propias soluciones\/productos en Gesti\u00f3n Documental a las aplicaciones de negocios de nuestros clientes.<\/p>\n<ul>\n<li><strong>Relevamiento previo al proyecto.<\/strong> Mediante un estudio insitu en el cliente y sesiones de entrevistas con usuarios de los sistemas, entregamos al cliente un informe de situaci\u00f3n de sus sistemas, para luego ofrecer\/sugerir la mejor soluci\u00f3n para llevar adelante los cambios.<\/li>\n<li><strong>Aplicaciones de negocio.<\/strong> Proyectos \u201cllave en mano\u201d que cubren las funcionalidades y la operativa de procesos de negocio en nuestros clientes.<\/li>\n<li><strong>Migraci\u00f3n \/ Conversi\u00f3n de aplicaciones.<\/strong> Proyectos de evoluci\u00f3n tecnol\u00f3gica de aplicaciones en los que no se requieren reformas funcionales u operativas sustanciales, que pueden incluir migraci\u00f3n de informaci\u00f3n hist\u00f3rica (Bases de Datos).<\/li>\n<li><strong>Integraci\u00f3n de Sistemas \/ Aplicaciones.<\/strong> Proyectos de integraci\u00f3n entre diferentes soluciones \/ aplicaciones \/ productos que cubren \u00e1reas de proceso espec\u00edficas en el cliente.<\/li>\n<\/ul>\n<\/div>\n<p>&nbsp;<\/p>\n<h2 name=\"aequipo\">EQUIPO DE TRABAJO<\/h2>\n<div class=\"contenido-home centrar\">\n<div class=\"personal\"><div class=\"personal-box\"><\/div><img width=\"170\" height=\"170\" src=\"https:\/\/www.nexoit.com.uy\/desarrollo\/wp-content\/uploads\/2015\/05\/emiliano.jpg\" class=\"attachment-post-thumbnail size-post-thumbnail wp-post-image\" alt=\"\" decoding=\"async\" loading=\"lazy\" srcset=\"https:\/\/www.nexoit.com.uy\/desarrollo\/wp-content\/uploads\/2015\/05\/emiliano.jpg 170w, https:\/\/www.nexoit.com.uy\/desarrollo\/wp-content\/uploads\/2015\/05\/emiliano-150x150.jpg 150w\" sizes=\"(max-width: 170px) 100vw, 170px\" \/><div class=\"personal-nom\">Emiliano Correa<\/div><div class=\"personal-cargo\">Desarrollador<\/div><div class=\"personal-txt\"><\/div><\/div><div class=\"personal\"><div class=\"personal-box\"><\/div><img width=\"170\" height=\"170\" src=\"https:\/\/www.nexoit.com.uy\/desarrollo\/wp-content\/uploads\/2015\/05\/ignacio.png\" class=\"attachment-post-thumbnail size-post-thumbnail wp-post-image\" alt=\"\" decoding=\"async\" loading=\"lazy\" srcset=\"https:\/\/www.nexoit.com.uy\/desarrollo\/wp-content\/uploads\/2015\/05\/ignacio.png 170w, https:\/\/www.nexoit.com.uy\/desarrollo\/wp-content\/uploads\/2015\/05\/ignacio-150x150.png 150w\" sizes=\"(max-width: 170px) 100vw, 170px\" \/><div class=\"personal-nom\">Juan Ignacio Alves<\/div><div class=\"personal-cargo\">Desarrollador<\/div><div class=\"personal-txt\"><\/div><\/div><div class=\"personal\"><div class=\"personal-box\"><\/div><img width=\"170\" height=\"170\" src=\"https:\/\/www.nexoit.com.uy\/desarrollo\/wp-content\/uploads\/2015\/05\/roney.png\" class=\"attachment-post-thumbnail size-post-thumbnail wp-post-image\" alt=\"\" decoding=\"async\" loading=\"lazy\" srcset=\"https:\/\/www.nexoit.com.uy\/desarrollo\/wp-content\/uploads\/2015\/05\/roney.png 170w, https:\/\/www.nexoit.com.uy\/desarrollo\/wp-content\/uploads\/2015\/05\/roney-150x150.png 150w\" sizes=\"(max-width: 170px) 100vw, 170px\" \/><div class=\"personal-nom\">Roney Sanchez<\/div><div class=\"personal-cargo\">Ejecutivo de Ventas<\/div><div class=\"personal-txt\"><\/div><\/div><div class=\"personal\"><div class=\"personal-box\"><\/div><img width=\"262\" height=\"263\" src=\"https:\/\/www.nexoit.com.uy\/desarrollo\/wp-content\/uploads\/2015\/05\/Sebastian-De-Leon.png\" class=\"attachment-post-thumbnail size-post-thumbnail wp-post-image\" alt=\"\" decoding=\"async\" loading=\"lazy\" srcset=\"https:\/\/www.nexoit.com.uy\/desarrollo\/wp-content\/uploads\/2015\/05\/Sebastian-De-Leon.png 262w, https:\/\/www.nexoit.com.uy\/desarrollo\/wp-content\/uploads\/2015\/05\/Sebastian-De-Leon-150x150.png 150w\" sizes=\"(max-width: 262px) 100vw, 262px\" \/><div class=\"personal-nom\">Sebasti\u00e1n De Le\u00f3n<\/div><div class=\"personal-cargo\">GERENTE DE DESARROLLO<\/div><div class=\"personal-txt\"><\/div><\/div>\n<div class=\"personal\">\n<div class=\"personal-box\"><\/div>\n<p><img decoding=\"async\" loading=\"lazy\" src=\"http:\/\/www.nexoit.com.uy\/desarrollo\/wp-content\/themes\/nexoit-desarrollo\/images\/proximo-personal.png\" alt=\"El pr\u00f3ximo puedes ser tu\" width=\"170\" height=\"170\"><\/p>\n<div class=\"personal-nom\">SUM\u00c1TE A NUESTRO EQUIPO<\/div>\n<div class=\"personal-cargo\">COMUNICATE CON NOSOTROS<\/div>\n<\/div>\n<p><!-- fin personal-box\" --><\/p>\n<\/div>\n<p><!-- fin contenido-home --><\/p>\n<p>&nbsp;<\/p>\n<h2 name=\"aubicacion\">UBICACI\u00d3N<\/h2>\n<div class=\"contenido-home\"><iframe loading=\"lazy\" style=\"border: 0;\" src=\"https:\/\/www.google.com\/maps\/embed?pb=!1m18!1m12!1m3!1d3277.1621886078838!2d-56.0625361841707!3d-34.77669207417905!2m3!1f0!2f0!3f0!3m2!1i1024!2i768!4f13.1!3m3!1m2!1s0x95a028facc53ec09%3A0x9e38eaa469ce2611!2sCmno.%20Don%20Bosco%2010559%2C%2013000%20Montevideo%2C%20Departamento%20de%20Montevideo!5e0!3m2!1ses-419!2suy!4v1620667869999!5m2!1ses-419!2suy\" width=\"1200\" height=\"350\" frameborder=\"0\"><\/iframe><\/div>\n","protected":false},"excerpt":{"rendered":"<p>&nbsp; DESARROLLO Dentro de la empresa y sus diferentes departamentos, existe cual es el m\u00e1s grande y el dio inicio a NEXO IT. El Departamento de DESARROLLO de NEXO IT est\u00e1 enfocado en proveer soluciones de desarrollo de Software competitivas con la mejor relaci\u00f3n coste\/beneficio, contando con profesionales capacitados en tecnolog\u00edas de IT a empresas [&hellip;]<\/p>\n","protected":false},"author":3,"featured_media":0,"parent":0,"menu_order":0,"comment_status":"open","ping_status":"closed","template":"inicio-nexoit.php","meta":[],"_links":{"self":[{"href":"https:\/\/www.nexoit.com.uy\/desarrollo\/wp-json\/wp\/v2\/pages\/4"}],"collection":[{"href":"https:\/\/www.nexoit.com.uy\/desarrollo\/wp-json\/wp\/v2\/pages"}],"about":[{"href":"https:\/\/www.nexoit.com.uy\/desarrollo\/wp-json\/wp\/v2\/types\/page"}],"author":[{"embeddable":true,"href":"https:\/\/www.nexoit.com.uy\/desarrollo\/wp-json\/wp\/v2\/users\/3"}],"replies":[{"embeddable":true,"href":"https:\/\/www.nexoit.com.uy\/desarrollo\/wp-json\/wp\/v2\/comments?post=4"}],"version-history":[{"count":117,"href":"https:\/\/www.nexoit.com.uy\/desarrollo\/wp-json\/wp\/v2\/pages\/4\/revisions"}],"predecessor-version":[{"id":362,"href":"https:\/\/www.nexoit.com.uy\/desarrollo\/wp-json\/wp\/v2\/pages\/4\/revisions\/362"}],"wp:attachment":[{"href":"https:\/\/www.nexoit.com.uy\/desarrollo\/wp-json\/wp\/v2\/media?parent=4"}],"curies":[{"name":"wp","href":"https:\/\/api.w.org\/{rel}","templated":true}]}}